{"version":"1.0","provider_name":"Galerija Matice srpske","provider_url":"https:\/\/www.galerijamaticesrpske.rs\/lat\/","title":"Mesec frankofonije \u2013 Tura Emanuela Makrona | Galerija Matice srpske","type":"rich","width":600,"height":338,"html":"<blockquote class=\"wp-embedded-content\" data-secret=\"zKfGGoRTqs\"><a href=\"https:\/\/www.galerijamaticesrpske.rs\/lat\/events\/mesec-frankofonije-tura-emanuela-makrona\/\">Mesec frankofonije \u2013 Tura Emanuela Makrona<\/a><\/blockquote><iframe sandbox=\"allow-scripts\" security=\"restricted\" src=\"https:\/\/www.galerijamaticesrpske.rs\/lat\/events\/mesec-frankofonije-tura-emanuela-makrona\/embed\/#?secret=zKfGGoRTqs\" width=\"600\" height=\"338\" title=\"&#8220;Mesec frankofonije \u2013 Tura Emanuela Makrona&#8221; &#8212; Galerija Matice srpske\" data-secret=\"zKfGGoRTqs\" frameborder=\"0\" marginwidth=\"0\" marginheight=\"0\" scrolling=\"no\" class=\"wp-embedded-content\"><\/iframe><script type=\"text\/javascript\">\n\/* <![CDATA[ *\/\n\/*! This file is auto-generated *\/\n!function(d,l){\"use strict\";l.querySelector&&d.addEventListener&&\"undefined\"!=typeof URL&&(d.wp=d.wp||{},d.wp.receiveEmbedMessage||(d.wp.receiveEmbedMessage=function(e){var t=e.data;if((t||t.secret||t.message||t.value)&&!\/[^a-zA-Z0-9]\/.test(t.secret)){for(var s,r,n,a=l.querySelectorAll('iframe[data-secret=\"'+t.secret+'\"]'),o=l.querySelectorAll('blockquote[data-secret=\"'+t.secret+'\"]'),c=new RegExp(\"^https?:$\",\"i\"),i=0;i<o.length;i++)o[i].style.display=\"none\";for(i=0;i<a.length;i++)s=a[i],e.source===s.contentWindow&&(s.removeAttribute(\"style\"),\"height\"===t.message?(1e3<(r=parseInt(t.value,10))?r=1e3:~~r<200&&(r=200),s.height=r):\"link\"===t.message&&(r=new URL(s.getAttribute(\"src\")),n=new URL(t.value),c.test(n.protocol))&&n.host===r.host&&l.activeElement===s&&(d.top.location.href=t.value))}},d.addEventListener(\"message\",d.wp.receiveEmbedMessage,!1),l.addEventListener(\"DOMContentLoaded\",function(){for(var e,t,s=l.querySelectorAll(\"iframe.wp-embedded-content\"),r=0;r<s.length;r++)(t=(e=s[r]).getAttribute(\"data-secret\"))||(t=Math.random().toString(36).substring(2,12),e.src+=\"#?secret=\"+t,e.setAttribute(\"data-secret\",t)),e.contentWindow.postMessage({message:\"ready\",secret:t},\"*\")},!1)))}(window,document);\n\/\/# sourceURL=https:\/\/www.galerijamaticesrpske.rs\/wp-includes\/js\/wp-embed.min.js\n\/* ]]> *\/\n<\/script>\n","thumbnail_url":"https:\/\/www.galerijamaticesrpske.rs\/wp-content\/uploads\/2024\/11\/predrag-pedja-milosavljevic-krovovi-1952.jpg","thumbnail_width":1200,"thumbnail_height":971,"description":"Predsednik Republike Francuske, Emanuel Makron, imao je priliku da tokom prethodne godine premijerno obi\u0111e stalnu postavku Galerije Matice srpske koja na jedinstven na\u010din predstavlja kolekciju nacionalne umetnosti od XVIII do XXI veka koju Galerija ba\u0161tini."}

Predsednik Republike Francuske, Emanuel Makron, imao je priliku da tokom prethodne godine premijerno obiđe stalnu postavku Galerije Matice srpske koja na jedinstven način predstavlja kolekciju nacionalne umetnosti od XVIII do XXI veka koju Galerija baštini.
