{"id":12245,"date":"2023-11-22T10:25:46","date_gmt":"2023-11-22T10:25:46","guid":{"rendered":"https:\/\/www.galerijamaticesrpske.rs\/?post_type=mec-events&#038;p=12245"},"modified":"2023-11-22T10:25:46","modified_gmt":"2023-11-22T10:25:46","slug":"od-skice-do-kreacije","status":"publish","type":"mec-events","link":"https:\/\/www.galerijamaticesrpske.rs\/lat\/events\/od-skice-do-kreacije\/","title":{"rendered":"Od skice do kreacije"},"content":{"rendered":"<p>Poslednja radionica za tinejd\u017eere u okviru izlo\u017ebe <em>Paja Jovanovi\u0107 i Gustav Klimt. Jedna epoha, dva slikara, tri muzeja<\/em>, pod nazivom od <em><strong>Od skice do kreacije<\/strong><\/em> bi\u0107e posve\u0107ena modnom dizajnu. Tokom radionice, deca \u0107e se upoznati sa modom sa kraja 19. i po\u010detka 20. veka, posmatraju\u0107i \u017eenske portrete koji su prezentovani na izlo\u017ebi. Zatim \u0107e nau\u010diti na koji na\u010din mogu uz pomo\u0107 crte\u017ea isplanirati kako \u0107e jedan odevni predmet da izgleda na figuri. Na kraju radionice, uz pomo\u0107 krep papira i modne lutke, zajedno \u0107e rekreirati haljinu koju na portretu nosi supruga Paje Jovanovi\u0107a, Muni.<\/p>\n<p>Radionicu \u0107e voditi nekada\u0161nja u\u010denica \u0160kole za dizajn \u201eBogdan \u0160uput\u201c i studentkinja kulturologije, Anja Pituli\u0107, u saradnji sa muzejskim edukatorom GMS.<\/p>\n<p>Radionice se realizuju za <strong>maksimalno 15 u\u010desnika uzrasta od 11 do 14 godina<\/strong>. Ulaz na radionicu iznosi <strong>200 dinara po detetu<\/strong>.<\/p>\n","protected":false},"excerpt":{"rendered":"<p>Poslednja radionica za tinejd\u017eere u okviru izlo\u017ebe Paja Jovanovi\u0107 i Gustav Klimt. Jedna epoha, dva slikara, tri muzeja, pod nazivom od Od skice do kreacije bi\u0107e posve\u0107ena modnom dizajnu. Tokom radionice, deca \u0107e se upoznati sa modom sa kraja 19. i po\u010detka 20. veka, posmatraju\u0107i \u017eenske portrete koji su prezentovani na izlo\u017ebi. Zatim \u0107e nau\u010diti<\/p>\n","protected":false},"author":2,"featured_media":12167,"comment_status":"closed","ping_status":"closed","template":"","tags":[],"mec_category":[104],"class_list":["post-12245","mec-events","type-mec-events","status-publish","has-post-thumbnail","hentry","mec_category-kreativne-radionice-za-decu-subotom"],"acf":[],"yoast_head":"<!-- This site is optimized with the Yoast SEO plugin v27.3 - https:\/\/yoast.com\/product\/yoast-seo-wordpress\/ -->\n<title>Od skice do kreacije | Galerija Matice srpske<\/title>\n<meta name=\"description\" content=\"Poslednja radionica za tinejd\u017eere u okviru izlo\u017ebe Paja Jovanovi\u0107 i Gustav Klimt. Jedna epoha, dva slikara, tri muzeja, pod nazivom od Od skice do kreacije bi\u0107e posve\u0107ena modnom dizajnu.\" \/>\n<meta name=\"robots\" content=\"index, follow, max-snippet:-1, max-image-preview:large, max-video-preview:-1\" \/>\n<link rel=\"canonical\" href=\"http:\/\/www.galerijamaticesrpske.rs\/lat\/events\/od-skice-do-kreacije\/\" \/>\n<meta property=\"og:locale\" content=\"en_US\" \/>\n<meta property=\"og:type\" content=\"article\" \/>\n<meta property=\"og:title\" content=\"Od skice do kreacije | Galerija Matice srpske\" \/>\n<meta property=\"og:description\" content=\"Poslednja radionica za tinejd\u017eere u okviru izlo\u017ebe Paja Jovanovi\u0107 i Gustav Klimt. Jedna epoha, dva slikara, tri muzeja, pod nazivom od Od skice do kreacije bi\u0107e posve\u0107ena modnom dizajnu.\" \/>\n<meta property=\"og:url\" content=\"http:\/\/www.galerijamaticesrpske.rs\/lat\/events\/od-skice-do-kreacije\/\" \/>\n<meta property=\"og:site_name\" content=\"Galerija Matice srpske\" \/>\n<meta property=\"og:image\" content=\"http:\/\/www.galerijamaticesrpske.rs\/wp-content\/uploads\/2023\/10\/nenaslovljeni-dizajn-1-1024x427.png\" \/>\n\t<meta property=\"og:image:width\" content=\"1024\" \/>\n\t<meta property=\"og:image:height\" content=\"427\" \/>\n\t<meta property=\"og:image:type\" content=\"image\/png\" \/>\n<meta name=\"twitter:card\" content=\"summary_large_image\" \/>\n<meta name=\"twitter:label1\" content=\"Est. reading time\" \/>\n\t<meta name=\"twitter:data1\" content=\"1 minute\" \/>\n<script type=\"application\/ld+json\" class=\"yoast-schema-graph\">{\"@context\":\"https:\\\/\\\/schema.org\",\"@graph\":[{\"@type\":\"WebPage\",\"@id\":\"http:\\\/\\\/www.galerijamaticesrpske.rs\\\/lat\\\/events\\\/od-skice-do-kreacije\\\/\",\"url\":\"http:\\\/\\\/www.galerijamaticesrpske.rs\\\/lat\\\/events\\\/od-skice-do-kreacije\\\/\",\"name\":\"Od skice do kreacije | Galerija Matice srpske\",\"isPartOf\":{\"@id\":\"https:\\\/\\\/www.galerijamaticesrpske.rs\\\/#website\"},\"primaryImageOfPage\":{\"@id\":\"http:\\\/\\\/www.galerijamaticesrpske.rs\\\/lat\\\/events\\\/od-skice-do-kreacije\\\/#primaryimage\"},\"image\":{\"@id\":\"http:\\\/\\\/www.galerijamaticesrpske.rs\\\/lat\\\/events\\\/od-skice-do-kreacije\\\/#primaryimage\"},\"thumbnailUrl\":\"https:\\\/\\\/www.galerijamaticesrpske.rs\\\/wp-content\\\/uploads\\\/2023\\\/10\\\/nenaslovljeni-dizajn-1.png\",\"datePublished\":\"2023-11-22T10:25:46+00:00\",\"description\":\"Poslednja radionica za tinejd\u017eere u okviru izlo\u017ebe Paja Jovanovi\u0107 i Gustav Klimt. Jedna epoha, dva slikara, tri muzeja, pod nazivom od Od skice do kreacije bi\u0107e posve\u0107ena modnom dizajnu.\",\"breadcrumb\":{\"@id\":\"http:\\\/\\\/www.galerijamaticesrpske.rs\\\/lat\\\/events\\\/od-skice-do-kreacije\\\/#breadcrumb\"},\"inLanguage\":\"sr-LAT\",\"potentialAction\":[{\"@type\":\"ReadAction\",\"target\":[\"http:\\\/\\\/www.galerijamaticesrpske.rs\\\/lat\\\/events\\\/od-skice-do-kreacije\\\/\"]}]},{\"@type\":\"ImageObject\",\"inLanguage\":\"sr-LAT\",\"@id\":\"http:\\\/\\\/www.galerijamaticesrpske.rs\\\/lat\\\/events\\\/od-skice-do-kreacije\\\/#primaryimage\",\"url\":\"https:\\\/\\\/www.galerijamaticesrpske.rs\\\/wp-content\\\/uploads\\\/2023\\\/10\\\/nenaslovljeni-dizajn-1.png\",\"contentUrl\":\"https:\\\/\\\/www.galerijamaticesrpske.rs\\\/wp-content\\\/uploads\\\/2023\\\/10\\\/nenaslovljeni-dizajn-1.png\",\"width\":1920,\"height\":800},{\"@type\":\"BreadcrumbList\",\"@id\":\"http:\\\/\\\/www.galerijamaticesrpske.rs\\\/lat\\\/events\\\/od-skice-do-kreacije\\\/#breadcrumb\",\"itemListElement\":[{\"@type\":\"ListItem\",\"position\":1,\"name\":\"\u041f\u043e\u0447\u0435\u0442\u043d\u0430\",\"item\":\"http:\\\/\\\/www.galerijamaticesrpske.rs\\\/lat\\\/\"},{\"@type\":\"ListItem\",\"position\":2,\"name\":\"Events\",\"item\":\"http:\\\/\\\/www.galerijamaticesrpske.rs\\\/lat\\\/events\\\/\"},{\"@type\":\"ListItem\",\"position\":3,\"name\":\"Od skice do kreacije\"}]},{\"@type\":\"WebSite\",\"@id\":\"https:\\\/\\\/www.galerijamaticesrpske.rs\\\/#website\",\"url\":\"https:\\\/\\\/www.galerijamaticesrpske.rs\\\/\",\"name\":\"Galerija Matice srpske\",\"description\":\"Muzej srpske nacionalne umetnosti u Novom Sadu\",\"publisher\":{\"@id\":\"https:\\\/\\\/www.galerijamaticesrpske.rs\\\/#organization\"},\"potentialAction\":[{\"@type\":\"SearchAction\",\"target\":{\"@type\":\"EntryPoint\",\"urlTemplate\":\"https:\\\/\\\/www.galerijamaticesrpske.rs\\\/?s={search_term_string}\"},\"query-input\":{\"@type\":\"PropertyValueSpecification\",\"valueRequired\":true,\"valueName\":\"search_term_string\"}}],\"inLanguage\":\"sr-LAT\"},{\"@type\":\"Organization\",\"@id\":\"https:\\\/\\\/www.galerijamaticesrpske.rs\\\/#organization\",\"name\":\"Galerija Matice srpske\",\"url\":\"https:\\\/\\\/www.galerijamaticesrpske.rs\\\/\",\"logo\":{\"@type\":\"ImageObject\",\"inLanguage\":\"sr-LAT\",\"@id\":\"https:\\\/\\\/www.galerijamaticesrpske.rs\\\/#\\\/schema\\\/logo\\\/image\\\/\",\"url\":\"https:\\\/\\\/www.galerijamaticesrpske.rs\\\/wp-content\\\/uploads\\\/2021\\\/01\\\/gms-logo-za-sajt.svg\",\"contentUrl\":\"https:\\\/\\\/www.galerijamaticesrpske.rs\\\/wp-content\\\/uploads\\\/2021\\\/01\\\/gms-logo-za-sajt.svg\",\"width\":1,\"height\":1,\"caption\":\"Galerija Matice srpske\"},\"image\":{\"@id\":\"https:\\\/\\\/www.galerijamaticesrpske.rs\\\/#\\\/schema\\\/logo\\\/image\\\/\"}}]}<\/script>\n<!-- \/ Yoast SEO plugin. -->","yoast_head_json":{"title":"Od skice do kreacije | Galerija Matice srpske","description":"Poslednja radionica za tinejd\u017eere u okviru izlo\u017ebe Paja Jovanovi\u0107 i Gustav Klimt. Jedna epoha, dva slikara, tri muzeja, pod nazivom od Od skice do kreacije bi\u0107e posve\u0107ena modnom dizajnu.","robots":{"index":"index","follow":"follow","max-snippet":"max-snippet:-1","max-image-preview":"max-image-preview:large","max-video-preview":"max-video-preview:-1"},"canonical":"http:\/\/www.galerijamaticesrpske.rs\/lat\/events\/od-skice-do-kreacije\/","og_locale":"en_US","og_type":"article","og_title":"Od skice do kreacije | Galerija Matice srpske","og_description":"Poslednja radionica za tinejd\u017eere u okviru izlo\u017ebe Paja Jovanovi\u0107 i Gustav Klimt. Jedna epoha, dva slikara, tri muzeja, pod nazivom od Od skice do kreacije bi\u0107e posve\u0107ena modnom dizajnu.","og_url":"http:\/\/www.galerijamaticesrpske.rs\/lat\/events\/od-skice-do-kreacije\/","og_site_name":"Galerija Matice srpske","og_image":[{"width":1024,"height":427,"url":"http:\/\/www.galerijamaticesrpske.rs\/wp-content\/uploads\/2023\/10\/nenaslovljeni-dizajn-1-1024x427.png","type":"image\/png"}],"twitter_card":"summary_large_image","twitter_misc":{"Est. reading time":"1 minute"},"schema":{"@context":"https:\/\/schema.org","@graph":[{"@type":"WebPage","@id":"http:\/\/www.galerijamaticesrpske.rs\/lat\/events\/od-skice-do-kreacije\/","url":"http:\/\/www.galerijamaticesrpske.rs\/lat\/events\/od-skice-do-kreacije\/","name":"Od skice do kreacije | Galerija Matice srpske","isPartOf":{"@id":"https:\/\/www.galerijamaticesrpske.rs\/#website"},"primaryImageOfPage":{"@id":"http:\/\/www.galerijamaticesrpske.rs\/lat\/events\/od-skice-do-kreacije\/#primaryimage"},"image":{"@id":"http:\/\/www.galerijamaticesrpske.rs\/lat\/events\/od-skice-do-kreacije\/#primaryimage"},"thumbnailUrl":"https:\/\/www.galerijamaticesrpske.rs\/wp-content\/uploads\/2023\/10\/nenaslovljeni-dizajn-1.png","datePublished":"2023-11-22T10:25:46+00:00","description":"Poslednja radionica za tinejd\u017eere u okviru izlo\u017ebe Paja Jovanovi\u0107 i Gustav Klimt. Jedna epoha, dva slikara, tri muzeja, pod nazivom od Od skice do kreacije bi\u0107e posve\u0107ena modnom dizajnu.","breadcrumb":{"@id":"http:\/\/www.galerijamaticesrpske.rs\/lat\/events\/od-skice-do-kreacije\/#breadcrumb"},"inLanguage":"sr-LAT","potentialAction":[{"@type":"ReadAction","target":["http:\/\/www.galerijamaticesrpske.rs\/lat\/events\/od-skice-do-kreacije\/"]}]},{"@type":"ImageObject","inLanguage":"sr-LAT","@id":"http:\/\/www.galerijamaticesrpske.rs\/lat\/events\/od-skice-do-kreacije\/#primaryimage","url":"https:\/\/www.galerijamaticesrpske.rs\/wp-content\/uploads\/2023\/10\/nenaslovljeni-dizajn-1.png","contentUrl":"https:\/\/www.galerijamaticesrpske.rs\/wp-content\/uploads\/2023\/10\/nenaslovljeni-dizajn-1.png","width":1920,"height":800},{"@type":"BreadcrumbList","@id":"http:\/\/www.galerijamaticesrpske.rs\/lat\/events\/od-skice-do-kreacije\/#breadcrumb","itemListElement":[{"@type":"ListItem","position":1,"name":"\u041f\u043e\u0447\u0435\u0442\u043d\u0430","item":"http:\/\/www.galerijamaticesrpske.rs\/lat\/"},{"@type":"ListItem","position":2,"name":"Events","item":"http:\/\/www.galerijamaticesrpske.rs\/lat\/events\/"},{"@type":"ListItem","position":3,"name":"Od skice do kreacije"}]},{"@type":"WebSite","@id":"https:\/\/www.galerijamaticesrpske.rs\/#website","url":"https:\/\/www.galerijamaticesrpske.rs\/","name":"Galerija Matice srpske","description":"Muzej srpske nacionalne umetnosti u Novom Sadu","publisher":{"@id":"https:\/\/www.galerijamaticesrpske.rs\/#organization"},"potentialAction":[{"@type":"SearchAction","target":{"@type":"EntryPoint","urlTemplate":"https:\/\/www.galerijamaticesrpske.rs\/?s={search_term_string}"},"query-input":{"@type":"PropertyValueSpecification","valueRequired":true,"valueName":"search_term_string"}}],"inLanguage":"sr-LAT"},{"@type":"Organization","@id":"https:\/\/www.galerijamaticesrpske.rs\/#organization","name":"Galerija Matice srpske","url":"https:\/\/www.galerijamaticesrpske.rs\/","logo":{"@type":"ImageObject","inLanguage":"sr-LAT","@id":"https:\/\/www.galerijamaticesrpske.rs\/#\/schema\/logo\/image\/","url":"https:\/\/www.galerijamaticesrpske.rs\/wp-content\/uploads\/2021\/01\/gms-logo-za-sajt.svg","contentUrl":"https:\/\/www.galerijamaticesrpske.rs\/wp-content\/uploads\/2021\/01\/gms-logo-za-sajt.svg","width":1,"height":1,"caption":"Galerija Matice srpske"},"image":{"@id":"https:\/\/www.galerijamaticesrpske.rs\/#\/schema\/logo\/image\/"}}]}},"_links":{"self":[{"href":"https:\/\/www.galerijamaticesrpske.rs\/lat\/wp-json\/wp\/v2\/mec-events\/12245","targetHints":{"allow":["GET"]}}],"collection":[{"href":"https:\/\/www.galerijamaticesrpske.rs\/lat\/wp-json\/wp\/v2\/mec-events"}],"about":[{"href":"https:\/\/www.galerijamaticesrpske.rs\/lat\/wp-json\/wp\/v2\/types\/mec-events"}],"author":[{"embeddable":true,"href":"https:\/\/www.galerijamaticesrpske.rs\/lat\/wp-json\/wp\/v2\/users\/2"}],"replies":[{"embeddable":true,"href":"https:\/\/www.galerijamaticesrpske.rs\/lat\/wp-json\/wp\/v2\/comments?post=12245"}],"wp:featuredmedia":[{"embeddable":true,"href":"https:\/\/www.galerijamaticesrpske.rs\/lat\/wp-json\/wp\/v2\/media\/12167"}],"wp:attachment":[{"href":"https:\/\/www.galerijamaticesrpske.rs\/lat\/wp-json\/wp\/v2\/media?parent=12245"}],"wp:term":[{"taxonomy":"post_tag","embeddable":true,"href":"https:\/\/www.galerijamaticesrpske.rs\/lat\/wp-json\/wp\/v2\/tags?post=12245"},{"taxonomy":"mec_category","embeddable":true,"href":"https:\/\/www.galerijamaticesrpske.rs\/lat\/wp-json\/wp\/v2\/mec_category?post=12245"}],"curies":[{"name":"wp","href":"https:\/\/api.w.org\/{rel}","templated":true}]}}

<p>Poslednja radionica za tinejdžere u okviru izložbe <em>Paja Jovanović i Gustav Klimt. Jedna epoha, dva slikara, tri muzeja</em>, pod nazivom od <em><strong>Od skice do kreacije</strong></em> biće posvećena modnom dizajnu. Tokom radionice, deca će se upoznati sa modom sa kraja 19. i početka 20. veka, posmatrajući ženske portrete koji su prezentovani na izložbi. Zatim će naučiti na koji način mogu uz pomoć crteža isplanirati kako će jedan odevni predmet da izgleda na figuri. Na kraju radionice, uz pomoć krep papira i modne lutke, zajedno će rekreirati haljinu koju na portretu nosi supruga Paje Jovanovića, Muni.</p>
<p>Radionicu će voditi nekadašnja učenica Škole za dizajn „Bogdan Šuput“ i studentkinja kulturologije, Anja Pitulić, u saradnji sa muzejskim edukatorom GMS.</p>
<p>Radionice se realizuju za <strong>maksimalno 15 učesnika uzrasta od 11 do 14 godina</strong>. Ulaz na radionicu iznosi <strong>200 dinara po detetu</strong>.</p>

<p>Poslednja radionica za tinejdžere u okviru izložbe Paja Jovanović i Gustav Klimt. Jedna epoha, dva slikara, tri muzeja, pod nazivom od Od skice do kreacije biće posvećena modnom dizajnu. Tokom radionice, deca će se upoznati sa modom sa kraja 19. i početka 20. veka, posmatrajući ženske portrete koji su prezentovani na izložbi. Zatim će naučiti</p>

<!-- This site is optimized with the Yoast SEO plugin v27.3 - https://yoast.com/product/yoast-seo-wordpress/ -->
<title>Od skice do kreacije | Galerija Matice srpske</title>
<meta name="description" content="Poslednja radionica za tinejdžere u okviru izložbe Paja Jovanović i Gustav Klimt. Jedna epoha, dva slikara, tri muzeja, pod nazivom od Od skice do kreacije biće posvećena modnom dizajnu." />
<meta name="robots" content="index, follow, max-snippet:-1, max-image-preview:large, max-video-preview:-1" />
<link rel="canonical" href="http://www.galerijamaticesrpske.rs/lat/events/od-skice-do-kreacije/" />
<meta property="og:locale" content="en_US" />
<meta property="og:type" content="article" />
<meta property="og:title" content="Od skice do kreacije | Galerija Matice srpske" />
<meta property="og:description" content="Poslednja radionica za tinejdžere u okviru izložbe Paja Jovanović i Gustav Klimt. Jedna epoha, dva slikara, tri muzeja, pod nazivom od Od skice do kreacije biće posvećena modnom dizajnu." />
<meta property="og:url" content="http://www.galerijamaticesrpske.rs/lat/events/od-skice-do-kreacije/" />
<meta property="og:site_name" content="Galerija Matice srpske" />
<meta property="og:image" content="http://www.galerijamaticesrpske.rs/wp-content/uploads/2023/10/nenaslovljeni-dizajn-1-1024x427.png" />
	<meta property="og:image:width" content="1024" />
	<meta property="og:image:height" content="427" />
	<meta property="og:image:type" content="image/png" />
<meta name="twitter:card" content="summary_large_image" />
<meta name="twitter:label1" content="Est. reading time" />
	<meta name="twitter:data1" content="1 minute" />
<script type="application/ld+json" class="yoast-schema-graph">{"@context":"https:\/\/schema.org","@graph":[{"@type":"WebPage","@id":"http:\/\/www.galerijamaticesrpske.rs\/lat\/events\/od-skice-do-kreacije\/","url":"http:\/\/www.galerijamaticesrpske.rs\/lat\/events\/od-skice-do-kreacije\/","name":"Od skice do kreacije | Galerija Matice srpske","isPartOf":{"@id":"https:\/\/www.galerijamaticesrpske.rs\/#website"},"primaryImageOfPage":{"@id":"http:\/\/www.galerijamaticesrpske.rs\/lat\/events\/od-skice-do-kreacije\/#primaryimage"},"image":{"@id":"http:\/\/www.galerijamaticesrpske.rs\/lat\/events\/od-skice-do-kreacije\/#primaryimage"},"thumbnailUrl":"https:\/\/www.galerijamaticesrpske.rs\/wp-content\/uploads\/2023\/10\/nenaslovljeni-dizajn-1.png","datePublished":"2023-11-22T10:25:46+00:00","description":"Poslednja radionica za tinejdžere u okviru izložbe Paja Jovanović i Gustav Klimt. Jedna epoha, dva slikara, tri muzeja, pod nazivom od Od skice do kreacije biće posvećena modnom dizajnu.","breadcrumb":{"@id":"http:\/\/www.galerijamaticesrpske.rs\/lat\/events\/od-skice-do-kreacije\/#breadcrumb"},"inLanguage":"sr-LAT","potentialAction":[{"@type":"ReadAction","target":["http:\/\/www.galerijamaticesrpske.rs\/lat\/events\/od-skice-do-kreacije\/"]}]},{"@type":"ImageObject","inLanguage":"sr-LAT","@id":"http:\/\/www.galerijamaticesrpske.rs\/lat\/events\/od-skice-do-kreacije\/#primaryimage","url":"https:\/\/www.galerijamaticesrpske.rs\/wp-content\/uploads\/2023\/10\/nenaslovljeni-dizajn-1.png","contentUrl":"https:\/\/www.galerijamaticesrpske.rs\/wp-content\/uploads\/2023\/10\/nenaslovljeni-dizajn-1.png","width":1920,"height":800},{"@type":"BreadcrumbList","@id":"http:\/\/www.galerijamaticesrpske.rs\/lat\/events\/od-skice-do-kreacije\/#breadcrumb","itemListElement":[{"@type":"ListItem","position":1,"name":"Почетна","item":"http:\/\/www.galerijamaticesrpske.rs\/lat\/"},{"@type":"ListItem","position":2,"name":"Events","item":"http:\/\/www.galerijamaticesrpske.rs\/lat\/events\/"},{"@type":"ListItem","position":3,"name":"Od skice do kreacije"}]},{"@type":"WebSite","@id":"https:\/\/www.galerijamaticesrpske.rs\/#website","url":"https:\/\/www.galerijamaticesrpske.rs\/","name":"Galerija Matice srpske","description":"Muzej srpske nacionalne umetnosti u Novom Sadu","publisher":{"@id":"https:\/\/www.galerijamaticesrpske.rs\/#organization"},"potentialAction":[{"@type":"SearchAction","target":{"@type":"EntryPoint","urlTemplate":"https:\/\/www.galerijamaticesrpske.rs\/?s={search_term_string}"},"query-input":{"@type":"PropertyValueSpecification","valueRequired":true,"valueName":"search_term_string"}}],"inLanguage":"sr-LAT"},{"@type":"Organization","@id":"https:\/\/www.galerijamaticesrpske.rs\/#organization","name":"Galerija Matice srpske","url":"https:\/\/www.galerijamaticesrpske.rs\/","logo":{"@type":"ImageObject","inLanguage":"sr-LAT","@id":"https:\/\/www.galerijamaticesrpske.rs\/#\/schema\/logo\/image\/","url":"https:\/\/www.galerijamaticesrpske.rs\/wp-content\/uploads\/2021\/01\/gms-logo-za-sajt.svg","contentUrl":"https:\/\/www.galerijamaticesrpske.rs\/wp-content\/uploads\/2021\/01\/gms-logo-za-sajt.svg","width":1,"height":1,"caption":"Galerija Matice srpske"},"image":{"@id":"https:\/\/www.galerijamaticesrpske.rs\/#\/schema\/logo\/image\/"}}]}</script>
<!-- / Yoast SEO plugin. -->

Poslednja radionica za tinejdžere u okviru izložbe Paja Jovanović i Gustav Klimt. Jedna epoha, dva slikara, tri muzeja, pod nazivom od Od skice do kreacije biće posvećena modnom dizajnu.

Почетна
