{"id":12706,"date":"2024-03-14T10:27:26","date_gmt":"2024-03-14T10:27:26","guid":{"rendered":"https:\/\/www.galerijamaticesrpske.rs\/?post_type=mec-events&#038;p=12706"},"modified":"2024-03-14T10:27:26","modified_gmt":"2024-03-14T10:27:26","slug":"parlez-vous-francais","status":"publish","type":"mec-events","link":"https:\/\/www.galerijamaticesrpske.rs\/lat\/events\/parlez-vous-francais\/","title":{"rendered":"Parlez-vous fran\u00e7ais?"},"content":{"rendered":"<p>Sredinom marta, na\u0161e edukativno-kreativne radionice \u0107e se na jedan dan preseliti u <strong>Francuski institut u Novom Sadu<\/strong> na adresu <strong>Bulevar despota Stefana 5<\/strong>. Ideja je da kroz saradnju sa u\u010diteljima francuskog jezika, tokom jezi\u010dke radionice, uvedemo u ciklus kreativnih radionica koje \u0107e se realizovati u okviru izlo\u017ebe <em>Inspirisani Francuskom<\/em> u Galeriji. Deca i tinejd\u017eeri \u0107e na radionicama imati priliku da kroz igre, umetnost, edukativne i kreativne aktivnosti prilago\u0111ene razli\u010ditim uzrastima, nau\u010de osnovne umetni\u010dke pojmove i izraze na francuskom jeziku. Radionice \u0107e voditi profesor francuskog jezika<strong> doc. dr Vanja Mani\u0107-Mati\u0107<\/strong> (FFUNS i Francuski institut), kao i <strong>Jana Panajotovi\u0107<\/strong>, studentkinja master likovnih umetnosti u Novom Sadu.<\/p>\n<p>Radionice se realizuju za <strong>maksimalno 15 mali\u0161ana uzrasta od 5 do 10 godina<\/strong>. Ulaz na radionicu je besplatan.<\/p>\n","protected":false},"excerpt":{"rendered":"<p>Sredinom marta, na\u0161e edukativno-kreativne radionice \u0107e se na jedan dan preseliti u Francuski institut u Novom Sadu na adresu Bulevar despota Stefana 5. Ideja je da kroz saradnju sa u\u010diteljima francuskog jezika, tokom jezi\u010dke radionice, uvedemo u ciklus kreativnih radionica koje \u0107e se realizovati u okviru izlo\u017ebe Inspirisani Francuskom u Galeriji. Deca i tinejd\u017eeri \u0107e<\/p>\n","protected":false},"author":2,"featured_media":12705,"comment_status":"closed","ping_status":"closed","template":"","tags":[],"mec_category":[104],"class_list":["post-12706","mec-events","type-mec-events","status-publish","has-post-thumbnail","hentry","mec_category-kreativne-radionice-za-decu-subotom"],"acf":[],"yoast_head":"<!-- This site is optimized with the Yoast SEO plugin v27.3 - https:\/\/yoast.com\/product\/yoast-seo-wordpress\/ -->\n<title>Parlez-vous fran\u00e7ais? | Galerija Matice srpske<\/title>\n<meta name=\"description\" content=\"Sredinom marta, na\u0161e edukativno-kreativne radionice \u0107e se na jedan dan preseliti u Francuski institut u Novom Sadu na adresu Bulevar despota Stefana 5.\" \/>\n<meta name=\"robots\" content=\"index, follow, max-snippet:-1, max-image-preview:large, max-video-preview:-1\" \/>\n<link rel=\"canonical\" href=\"http:\/\/www.galerijamaticesrpske.rs\/lat\/events\/parlez-vous-francais\/\" \/>\n<meta property=\"og:locale\" content=\"en_US\" \/>\n<meta property=\"og:type\" content=\"article\" \/>\n<meta property=\"og:title\" content=\"Parlez-vous fran\u00e7ais? | Galerija Matice srpske\" \/>\n<meta property=\"og:description\" content=\"Sredinom marta, na\u0161e edukativno-kreativne radionice \u0107e se na jedan dan preseliti u Francuski institut u Novom Sadu na adresu Bulevar despota Stefana 5.\" \/>\n<meta property=\"og:url\" content=\"http:\/\/www.galerijamaticesrpske.rs\/lat\/events\/parlez-vous-francais\/\" \/>\n<meta property=\"og:site_name\" content=\"Galerija Matice srpske\" \/>\n<meta property=\"og:image\" content=\"http:\/\/www.galerijamaticesrpske.rs\/wp-content\/uploads\/2024\/03\/gmsu7223_bora-obrada-scaled.jpg\" \/>\n\t<meta property=\"og:image:width\" content=\"2560\" \/>\n\t<meta property=\"og:image:height\" content=\"2071\" \/>\n\t<meta property=\"og:image:type\" content=\"image\/jpeg\" \/>\n<meta name=\"twitter:card\" content=\"summary_large_image\" \/>\n<meta name=\"twitter:label1\" content=\"Est. reading time\" \/>\n\t<meta name=\"twitter:data1\" content=\"1 minute\" \/>\n<script type=\"application\/ld+json\" class=\"yoast-schema-graph\">{\"@context\":\"https:\\\/\\\/schema.org\",\"@graph\":[{\"@type\":\"WebPage\",\"@id\":\"http:\\\/\\\/www.galerijamaticesrpske.rs\\\/lat\\\/events\\\/parlez-vous-francais\\\/\",\"url\":\"http:\\\/\\\/www.galerijamaticesrpske.rs\\\/lat\\\/events\\\/parlez-vous-francais\\\/\",\"name\":\"Parlez-vous fran\u00e7ais? | Galerija Matice srpske\",\"isPartOf\":{\"@id\":\"https:\\\/\\\/www.galerijamaticesrpske.rs\\\/#website\"},\"primaryImageOfPage\":{\"@id\":\"http:\\\/\\\/www.galerijamaticesrpske.rs\\\/lat\\\/events\\\/parlez-vous-francais\\\/#primaryimage\"},\"image\":{\"@id\":\"http:\\\/\\\/www.galerijamaticesrpske.rs\\\/lat\\\/events\\\/parlez-vous-francais\\\/#primaryimage\"},\"thumbnailUrl\":\"https:\\\/\\\/www.galerijamaticesrpske.rs\\\/wp-content\\\/uploads\\\/2024\\\/03\\\/gmsu7223_bora-obrada-scaled.jpg\",\"datePublished\":\"2024-03-14T10:27:26+00:00\",\"description\":\"Sredinom marta, na\u0161e edukativno-kreativne radionice \u0107e se na jedan dan preseliti u Francuski institut u Novom Sadu na adresu Bulevar despota Stefana 5.\",\"breadcrumb\":{\"@id\":\"http:\\\/\\\/www.galerijamaticesrpske.rs\\\/lat\\\/events\\\/parlez-vous-francais\\\/#breadcrumb\"},\"inLanguage\":\"sr-LAT\",\"potentialAction\":[{\"@type\":\"ReadAction\",\"target\":[\"http:\\\/\\\/www.galerijamaticesrpske.rs\\\/lat\\\/events\\\/parlez-vous-francais\\\/\"]}]},{\"@type\":\"ImageObject\",\"inLanguage\":\"sr-LAT\",\"@id\":\"http:\\\/\\\/www.galerijamaticesrpske.rs\\\/lat\\\/events\\\/parlez-vous-francais\\\/#primaryimage\",\"url\":\"https:\\\/\\\/www.galerijamaticesrpske.rs\\\/wp-content\\\/uploads\\\/2024\\\/03\\\/gmsu7223_bora-obrada-scaled.jpg\",\"contentUrl\":\"https:\\\/\\\/www.galerijamaticesrpske.rs\\\/wp-content\\\/uploads\\\/2024\\\/03\\\/gmsu7223_bora-obrada-scaled.jpg\",\"width\":2560,\"height\":2071},{\"@type\":\"BreadcrumbList\",\"@id\":\"http:\\\/\\\/www.galerijamaticesrpske.rs\\\/lat\\\/events\\\/parlez-vous-francais\\\/#breadcrumb\",\"itemListElement\":[{\"@type\":\"ListItem\",\"position\":1,\"name\":\"\u041f\u043e\u0447\u0435\u0442\u043d\u0430\",\"item\":\"http:\\\/\\\/www.galerijamaticesrpske.rs\\\/lat\\\/\"},{\"@type\":\"ListItem\",\"position\":2,\"name\":\"Events\",\"item\":\"http:\\\/\\\/www.galerijamaticesrpske.rs\\\/lat\\\/events\\\/\"},{\"@type\":\"ListItem\",\"position\":3,\"name\":\"Parlez-vous fran\u00e7ais?\"}]},{\"@type\":\"WebSite\",\"@id\":\"https:\\\/\\\/www.galerijamaticesrpske.rs\\\/#website\",\"url\":\"https:\\\/\\\/www.galerijamaticesrpske.rs\\\/\",\"name\":\"Galerija Matice srpske\",\"description\":\"Muzej srpske nacionalne umetnosti u Novom Sadu\",\"publisher\":{\"@id\":\"https:\\\/\\\/www.galerijamaticesrpske.rs\\\/#organization\"},\"potentialAction\":[{\"@type\":\"SearchAction\",\"target\":{\"@type\":\"EntryPoint\",\"urlTemplate\":\"https:\\\/\\\/www.galerijamaticesrpske.rs\\\/?s={search_term_string}\"},\"query-input\":{\"@type\":\"PropertyValueSpecification\",\"valueRequired\":true,\"valueName\":\"search_term_string\"}}],\"inLanguage\":\"sr-LAT\"},{\"@type\":\"Organization\",\"@id\":\"https:\\\/\\\/www.galerijamaticesrpske.rs\\\/#organization\",\"name\":\"Galerija Matice srpske\",\"url\":\"https:\\\/\\\/www.galerijamaticesrpske.rs\\\/\",\"logo\":{\"@type\":\"ImageObject\",\"inLanguage\":\"sr-LAT\",\"@id\":\"https:\\\/\\\/www.galerijamaticesrpske.rs\\\/#\\\/schema\\\/logo\\\/image\\\/\",\"url\":\"https:\\\/\\\/www.galerijamaticesrpske.rs\\\/wp-content\\\/uploads\\\/2021\\\/01\\\/gms-logo-za-sajt.svg\",\"contentUrl\":\"https:\\\/\\\/www.galerijamaticesrpske.rs\\\/wp-content\\\/uploads\\\/2021\\\/01\\\/gms-logo-za-sajt.svg\",\"width\":1,\"height\":1,\"caption\":\"Galerija Matice srpske\"},\"image\":{\"@id\":\"https:\\\/\\\/www.galerijamaticesrpske.rs\\\/#\\\/schema\\\/logo\\\/image\\\/\"}}]}<\/script>\n<!-- \/ Yoast SEO plugin. -->","yoast_head_json":{"title":"Parlez-vous fran\u00e7ais? | Galerija Matice srpske","description":"Sredinom marta, na\u0161e edukativno-kreativne radionice \u0107e se na jedan dan preseliti u Francuski institut u Novom Sadu na adresu Bulevar despota Stefana 5.","robots":{"index":"index","follow":"follow","max-snippet":"max-snippet:-1","max-image-preview":"max-image-preview:large","max-video-preview":"max-video-preview:-1"},"canonical":"http:\/\/www.galerijamaticesrpske.rs\/lat\/events\/parlez-vous-francais\/","og_locale":"en_US","og_type":"article","og_title":"Parlez-vous fran\u00e7ais? | Galerija Matice srpske","og_description":"Sredinom marta, na\u0161e edukativno-kreativne radionice \u0107e se na jedan dan preseliti u Francuski institut u Novom Sadu na adresu Bulevar despota Stefana 5.","og_url":"http:\/\/www.galerijamaticesrpske.rs\/lat\/events\/parlez-vous-francais\/","og_site_name":"Galerija Matice srpske","og_image":[{"width":2560,"height":2071,"url":"http:\/\/www.galerijamaticesrpske.rs\/wp-content\/uploads\/2024\/03\/gmsu7223_bora-obrada-scaled.jpg","type":"image\/jpeg"}],"twitter_card":"summary_large_image","twitter_misc":{"Est. reading time":"1 minute"},"schema":{"@context":"https:\/\/schema.org","@graph":[{"@type":"WebPage","@id":"http:\/\/www.galerijamaticesrpske.rs\/lat\/events\/parlez-vous-francais\/","url":"http:\/\/www.galerijamaticesrpske.rs\/lat\/events\/parlez-vous-francais\/","name":"Parlez-vous fran\u00e7ais? | Galerija Matice srpske","isPartOf":{"@id":"https:\/\/www.galerijamaticesrpske.rs\/#website"},"primaryImageOfPage":{"@id":"http:\/\/www.galerijamaticesrpske.rs\/lat\/events\/parlez-vous-francais\/#primaryimage"},"image":{"@id":"http:\/\/www.galerijamaticesrpske.rs\/lat\/events\/parlez-vous-francais\/#primaryimage"},"thumbnailUrl":"https:\/\/www.galerijamaticesrpske.rs\/wp-content\/uploads\/2024\/03\/gmsu7223_bora-obrada-scaled.jpg","datePublished":"2024-03-14T10:27:26+00:00","description":"Sredinom marta, na\u0161e edukativno-kreativne radionice \u0107e se na jedan dan preseliti u Francuski institut u Novom Sadu na adresu Bulevar despota Stefana 5.","breadcrumb":{"@id":"http:\/\/www.galerijamaticesrpske.rs\/lat\/events\/parlez-vous-francais\/#breadcrumb"},"inLanguage":"sr-LAT","potentialAction":[{"@type":"ReadAction","target":["http:\/\/www.galerijamaticesrpske.rs\/lat\/events\/parlez-vous-francais\/"]}]},{"@type":"ImageObject","inLanguage":"sr-LAT","@id":"http:\/\/www.galerijamaticesrpske.rs\/lat\/events\/parlez-vous-francais\/#primaryimage","url":"https:\/\/www.galerijamaticesrpske.rs\/wp-content\/uploads\/2024\/03\/gmsu7223_bora-obrada-scaled.jpg","contentUrl":"https:\/\/www.galerijamaticesrpske.rs\/wp-content\/uploads\/2024\/03\/gmsu7223_bora-obrada-scaled.jpg","width":2560,"height":2071},{"@type":"BreadcrumbList","@id":"http:\/\/www.galerijamaticesrpske.rs\/lat\/events\/parlez-vous-francais\/#breadcrumb","itemListElement":[{"@type":"ListItem","position":1,"name":"\u041f\u043e\u0447\u0435\u0442\u043d\u0430","item":"http:\/\/www.galerijamaticesrpske.rs\/lat\/"},{"@type":"ListItem","position":2,"name":"Events","item":"http:\/\/www.galerijamaticesrpske.rs\/lat\/events\/"},{"@type":"ListItem","position":3,"name":"Parlez-vous fran\u00e7ais?"}]},{"@type":"WebSite","@id":"https:\/\/www.galerijamaticesrpske.rs\/#website","url":"https:\/\/www.galerijamaticesrpske.rs\/","name":"Galerija Matice srpske","description":"Muzej srpske nacionalne umetnosti u Novom Sadu","publisher":{"@id":"https:\/\/www.galerijamaticesrpske.rs\/#organization"},"potentialAction":[{"@type":"SearchAction","target":{"@type":"EntryPoint","urlTemplate":"https:\/\/www.galerijamaticesrpske.rs\/?s={search_term_string}"},"query-input":{"@type":"PropertyValueSpecification","valueRequired":true,"valueName":"search_term_string"}}],"inLanguage":"sr-LAT"},{"@type":"Organization","@id":"https:\/\/www.galerijamaticesrpske.rs\/#organization","name":"Galerija Matice srpske","url":"https:\/\/www.galerijamaticesrpske.rs\/","logo":{"@type":"ImageObject","inLanguage":"sr-LAT","@id":"https:\/\/www.galerijamaticesrpske.rs\/#\/schema\/logo\/image\/","url":"https:\/\/www.galerijamaticesrpske.rs\/wp-content\/uploads\/2021\/01\/gms-logo-za-sajt.svg","contentUrl":"https:\/\/www.galerijamaticesrpske.rs\/wp-content\/uploads\/2021\/01\/gms-logo-za-sajt.svg","width":1,"height":1,"caption":"Galerija Matice srpske"},"image":{"@id":"https:\/\/www.galerijamaticesrpske.rs\/#\/schema\/logo\/image\/"}}]}},"_links":{"self":[{"href":"https:\/\/www.galerijamaticesrpske.rs\/lat\/wp-json\/wp\/v2\/mec-events\/12706","targetHints":{"allow":["GET"]}}],"collection":[{"href":"https:\/\/www.galerijamaticesrpske.rs\/lat\/wp-json\/wp\/v2\/mec-events"}],"about":[{"href":"https:\/\/www.galerijamaticesrpske.rs\/lat\/wp-json\/wp\/v2\/types\/mec-events"}],"author":[{"embeddable":true,"href":"https:\/\/www.galerijamaticesrpske.rs\/lat\/wp-json\/wp\/v2\/users\/2"}],"replies":[{"embeddable":true,"href":"https:\/\/www.galerijamaticesrpske.rs\/lat\/wp-json\/wp\/v2\/comments?post=12706"}],"wp:featuredmedia":[{"embeddable":true,"href":"https:\/\/www.galerijamaticesrpske.rs\/lat\/wp-json\/wp\/v2\/media\/12705"}],"wp:attachment":[{"href":"https:\/\/www.galerijamaticesrpske.rs\/lat\/wp-json\/wp\/v2\/media?parent=12706"}],"wp:term":[{"taxonomy":"post_tag","embeddable":true,"href":"https:\/\/www.galerijamaticesrpske.rs\/lat\/wp-json\/wp\/v2\/tags?post=12706"},{"taxonomy":"mec_category","embeddable":true,"href":"https:\/\/www.galerijamaticesrpske.rs\/lat\/wp-json\/wp\/v2\/mec_category?post=12706"}],"curies":[{"name":"wp","href":"https:\/\/api.w.org\/{rel}","templated":true}]}}

Parlez-vous français?

<p>Sredinom marta, naše edukativno-kreativne radionice će se na jedan dan preseliti u <strong>Francuski institut u Novom Sadu</strong> na adresu <strong>Bulevar despota Stefana 5</strong>. Ideja je da kroz saradnju sa učiteljima francuskog jezika, tokom jezičke radionice, uvedemo u ciklus kreativnih radionica koje će se realizovati u okviru izložbe <em>Inspirisani Francuskom</em> u Galeriji. Deca i tinejdžeri će na radionicama imati priliku da kroz igre, umetnost, edukativne i kreativne aktivnosti prilagođene različitim uzrastima, nauče osnovne umetničke pojmove i izraze na francuskom jeziku. Radionice će voditi profesor francuskog jezika<strong> doc. dr Vanja Manić-Matić</strong> (FFUNS i Francuski institut), kao i <strong>Jana Panajotović</strong>, studentkinja master likovnih umetnosti u Novom Sadu.</p>
<p>Radionice se realizuju za <strong>maksimalno 15 mališana uzrasta od 5 do 10 godina</strong>. Ulaz na radionicu je besplatan.</p>

<p>Sredinom marta, naše edukativno-kreativne radionice će se na jedan dan preseliti u Francuski institut u Novom Sadu na adresu Bulevar despota Stefana 5. Ideja je da kroz saradnju sa učiteljima francuskog jezika, tokom jezičke radionice, uvedemo u ciklus kreativnih radionica koje će se realizovati u okviru izložbe Inspirisani Francuskom u Galeriji. Deca i tinejdžeri će</p>

<!-- This site is optimized with the Yoast SEO plugin v27.3 - https://yoast.com/product/yoast-seo-wordpress/ -->
<title>Parlez-vous français? | Galerija Matice srpske</title>
<meta name="description" content="Sredinom marta, naše edukativno-kreativne radionice će se na jedan dan preseliti u Francuski institut u Novom Sadu na adresu Bulevar despota Stefana 5." />
<meta name="robots" content="index, follow, max-snippet:-1, max-image-preview:large, max-video-preview:-1" />
<link rel="canonical" href="http://www.galerijamaticesrpske.rs/lat/events/parlez-vous-francais/" />
<meta property="og:locale" content="en_US" />
<meta property="og:type" content="article" />
<meta property="og:title" content="Parlez-vous français? | Galerija Matice srpske" />
<meta property="og:description" content="Sredinom marta, naše edukativno-kreativne radionice će se na jedan dan preseliti u Francuski institut u Novom Sadu na adresu Bulevar despota Stefana 5." />
<meta property="og:url" content="http://www.galerijamaticesrpske.rs/lat/events/parlez-vous-francais/" />
<meta property="og:site_name" content="Galerija Matice srpske" />
<meta property="og:image" content="http://www.galerijamaticesrpske.rs/wp-content/uploads/2024/03/gmsu7223_bora-obrada-scaled.jpg" />
	<meta property="og:image:width" content="2560" />
	<meta property="og:image:height" content="2071" />
	<meta property="og:image:type" content="image/jpeg" />
<meta name="twitter:card" content="summary_large_image" />
<meta name="twitter:label1" content="Est. reading time" />
	<meta name="twitter:data1" content="1 minute" />
<script type="application/ld+json" class="yoast-schema-graph">{"@context":"https:\/\/schema.org","@graph":[{"@type":"WebPage","@id":"http:\/\/www.galerijamaticesrpske.rs\/lat\/events\/parlez-vous-francais\/","url":"http:\/\/www.galerijamaticesrpske.rs\/lat\/events\/parlez-vous-francais\/","name":"Parlez-vous français? | Galerija Matice srpske","isPartOf":{"@id":"https:\/\/www.galerijamaticesrpske.rs\/#website"},"primaryImageOfPage":{"@id":"http:\/\/www.galerijamaticesrpske.rs\/lat\/events\/parlez-vous-francais\/#primaryimage"},"image":{"@id":"http:\/\/www.galerijamaticesrpske.rs\/lat\/events\/parlez-vous-francais\/#primaryimage"},"thumbnailUrl":"https:\/\/www.galerijamaticesrpske.rs\/wp-content\/uploads\/2024\/03\/gmsu7223_bora-obrada-scaled.jpg","datePublished":"2024-03-14T10:27:26+00:00","description":"Sredinom marta, naše edukativno-kreativne radionice će se na jedan dan preseliti u Francuski institut u Novom Sadu na adresu Bulevar despota Stefana 5.","breadcrumb":{"@id":"http:\/\/www.galerijamaticesrpske.rs\/lat\/events\/parlez-vous-francais\/#breadcrumb"},"inLanguage":"sr-LAT","potentialAction":[{"@type":"ReadAction","target":["http:\/\/www.galerijamaticesrpske.rs\/lat\/events\/parlez-vous-francais\/"]}]},{"@type":"ImageObject","inLanguage":"sr-LAT","@id":"http:\/\/www.galerijamaticesrpske.rs\/lat\/events\/parlez-vous-francais\/#primaryimage","url":"https:\/\/www.galerijamaticesrpske.rs\/wp-content\/uploads\/2024\/03\/gmsu7223_bora-obrada-scaled.jpg","contentUrl":"https:\/\/www.galerijamaticesrpske.rs\/wp-content\/uploads\/2024\/03\/gmsu7223_bora-obrada-scaled.jpg","width":2560,"height":2071},{"@type":"BreadcrumbList","@id":"http:\/\/www.galerijamaticesrpske.rs\/lat\/events\/parlez-vous-francais\/#breadcrumb","itemListElement":[{"@type":"ListItem","position":1,"name":"Почетна","item":"http:\/\/www.galerijamaticesrpske.rs\/lat\/"},{"@type":"ListItem","position":2,"name":"Events","item":"http:\/\/www.galerijamaticesrpske.rs\/lat\/events\/"},{"@type":"ListItem","position":3,"name":"Parlez-vous français?"}]},{"@type":"WebSite","@id":"https:\/\/www.galerijamaticesrpske.rs\/#website","url":"https:\/\/www.galerijamaticesrpske.rs\/","name":"Galerija Matice srpske","description":"Muzej srpske nacionalne umetnosti u Novom Sadu","publisher":{"@id":"https:\/\/www.galerijamaticesrpske.rs\/#organization"},"potentialAction":[{"@type":"SearchAction","target":{"@type":"EntryPoint","urlTemplate":"https:\/\/www.galerijamaticesrpske.rs\/?s={search_term_string}"},"query-input":{"@type":"PropertyValueSpecification","valueRequired":true,"valueName":"search_term_string"}}],"inLanguage":"sr-LAT"},{"@type":"Organization","@id":"https:\/\/www.galerijamaticesrpske.rs\/#organization","name":"Galerija Matice srpske","url":"https:\/\/www.galerijamaticesrpske.rs\/","logo":{"@type":"ImageObject","inLanguage":"sr-LAT","@id":"https:\/\/www.galerijamaticesrpske.rs\/#\/schema\/logo\/image\/","url":"https:\/\/www.galerijamaticesrpske.rs\/wp-content\/uploads\/2021\/01\/gms-logo-za-sajt.svg","contentUrl":"https:\/\/www.galerijamaticesrpske.rs\/wp-content\/uploads\/2021\/01\/gms-logo-za-sajt.svg","width":1,"height":1,"caption":"Galerija Matice srpske"},"image":{"@id":"https:\/\/www.galerijamaticesrpske.rs\/#\/schema\/logo\/image\/"}}]}</script>
<!-- / Yoast SEO plugin. -->

Parlez-vous français? | Galerija Matice srpske

Sredinom marta, naše edukativno-kreativne radionice će se na jedan dan preseliti u Francuski institut u Novom Sadu na adresu Bulevar despota Stefana 5.

Почетна
