{"id":14060,"date":"2024-11-27T08:19:47","date_gmt":"2024-11-27T08:19:47","guid":{"rendered":"https:\/\/www.galerijamaticesrpske.rs\/?post_type=mec-events&#038;p=14060"},"modified":"2024-11-27T08:19:47","modified_gmt":"2024-11-27T08:19:47","slug":"u-carstvu-oblika-i-boja","status":"publish","type":"mec-events","link":"https:\/\/www.galerijamaticesrpske.rs\/lat\/events\/u-carstvu-oblika-i-boja\/","title":{"rendered":"U carstvu oblika i boja"},"content":{"rendered":"<p>Tokom novembra, deca su se na radionicama upoznala sa najzna\u010dajnijim umetni\u010dkim delima iz 18. i 19. veka koja se nalaze u srcu kolekcije Galerije Matice srpske. Poslednju radionicu ovog meseca pod nazivom <em><strong>U carstvu oblika i boja<\/strong><\/em>, posveti\u0107emo umetni\u010dkom delu iz 20. veka koje se tako\u0111e nalazi u srcu kolekcije. Slikar Petar Lubarda, kao i njegovi prethodnici, prikazao je belog i crvenog konja, konjanike, koplja i zastave, ali je koristio potpuno druga\u010diji likovni jezik. Deca \u0107e u saradnji sa muzejskim eduaktorkama de\u0161ifrovati ovaj moderni likovni jezik, a zatim \u0107e probati da se njime izraze u svom kreativnom radu.<\/p>\n<p>Radionice se realizuju za <strong>maksimalno 15 mali\u0161ana uzrasta od 5 do 10 godina<\/strong>. Ulaz na radionicu iznosi <strong>200 dinara po detetu<\/strong>.<\/p>\n<p>Za vi\u0161e informacija mo\u017eete se obratiti muzejskoj edukatorki Jeleni Bobi\u0107 pozivom na broj telefona 0691102480 ili mejlom na adresu decjiprogrami@galerijamaticesrpske.rs.<\/p>\n","protected":false},"excerpt":{"rendered":"<p>Tokom novembra, deca su se na radionicama upoznala sa najzna\u010dajnijim umetni\u010dkim delima iz 18. i 19. veka koja se nalaze u srcu kolekcije Galerije Matice srpske. Poslednju radionicu ovog meseca pod nazivom U carstvu oblika i boja, posveti\u0107emo umetni\u010dkom delu iz 20. veka koje se tako\u0111e nalazi u srcu kolekcije. Slikar Petar Lubarda, kao i<\/p>\n","protected":false},"author":2,"featured_media":14058,"comment_status":"closed","ping_status":"closed","template":"","tags":[],"mec_category":[104],"class_list":["post-14060","mec-events","type-mec-events","status-publish","has-post-thumbnail","hentry","mec_category-kreativne-radionice-za-decu-subotom"],"acf":[],"yoast_head":"<!-- This site is optimized with the Yoast SEO plugin v27.3 - https:\/\/yoast.com\/product\/yoast-seo-wordpress\/ -->\n<title>U carstvu oblika i boja | Galerija Matice srpske<\/title>\n<meta name=\"description\" content=\"Tokom novembra, deca su se na radionicama upoznala sa najzna\u010dajnijim umetni\u010dkim delima iz 18. i 19. veka koja se nalaze u srcu kolekcije Galerije Matice srpske.\" \/>\n<meta name=\"robots\" content=\"index, follow, max-snippet:-1, max-image-preview:large, max-video-preview:-1\" \/>\n<link rel=\"canonical\" href=\"https:\/\/www.galerijamaticesrpske.rs\/lat\/events\/u-carstvu-oblika-i-boja\/\" \/>\n<meta property=\"og:locale\" content=\"en_US\" \/>\n<meta property=\"og:type\" content=\"article\" \/>\n<meta property=\"og:title\" content=\"U carstvu oblika i boja | Galerija Matice srpske\" \/>\n<meta property=\"og:description\" content=\"Tokom novembra, deca su se na radionicama upoznala sa najzna\u010dajnijim umetni\u010dkim delima iz 18. i 19. veka koja se nalaze u srcu kolekcije Galerije Matice srpske.\" \/>\n<meta property=\"og:url\" content=\"https:\/\/www.galerijamaticesrpske.rs\/lat\/events\/u-carstvu-oblika-i-boja\/\" \/>\n<meta property=\"og:site_name\" content=\"Galerija Matice srpske\" \/>\n<meta property=\"og:image\" content=\"https:\/\/www.galerijamaticesrpske.rs\/wp-content\/uploads\/2024\/11\/picture1-2.jpg\" \/>\n\t<meta property=\"og:image:width\" content=\"1430\" \/>\n\t<meta property=\"og:image:height\" content=\"532\" \/>\n\t<meta property=\"og:image:type\" content=\"image\/jpeg\" \/>\n<meta name=\"twitter:card\" content=\"summary_large_image\" \/>\n<meta name=\"twitter:label1\" content=\"Est. reading time\" \/>\n\t<meta name=\"twitter:data1\" content=\"1 minute\" \/>\n<script type=\"application\/ld+json\" class=\"yoast-schema-graph\">{\"@context\":\"https:\\\/\\\/schema.org\",\"@graph\":[{\"@type\":\"WebPage\",\"@id\":\"https:\\\/\\\/www.galerijamaticesrpske.rs\\\/lat\\\/events\\\/u-carstvu-oblika-i-boja\\\/\",\"url\":\"https:\\\/\\\/www.galerijamaticesrpske.rs\\\/lat\\\/events\\\/u-carstvu-oblika-i-boja\\\/\",\"name\":\"U carstvu oblika i boja | Galerija Matice srpske\",\"isPartOf\":{\"@id\":\"https:\\\/\\\/www.galerijamaticesrpske.rs\\\/#website\"},\"primaryImageOfPage\":{\"@id\":\"https:\\\/\\\/www.galerijamaticesrpske.rs\\\/lat\\\/events\\\/u-carstvu-oblika-i-boja\\\/#primaryimage\"},\"image\":{\"@id\":\"https:\\\/\\\/www.galerijamaticesrpske.rs\\\/lat\\\/events\\\/u-carstvu-oblika-i-boja\\\/#primaryimage\"},\"thumbnailUrl\":\"https:\\\/\\\/www.galerijamaticesrpske.rs\\\/wp-content\\\/uploads\\\/2024\\\/11\\\/picture1-2.jpg\",\"datePublished\":\"2024-11-27T08:19:47+00:00\",\"description\":\"Tokom novembra, deca su se na radionicama upoznala sa najzna\u010dajnijim umetni\u010dkim delima iz 18. i 19. veka koja se nalaze u srcu kolekcije Galerije Matice srpske.\",\"breadcrumb\":{\"@id\":\"https:\\\/\\\/www.galerijamaticesrpske.rs\\\/lat\\\/events\\\/u-carstvu-oblika-i-boja\\\/#breadcrumb\"},\"inLanguage\":\"sr-LAT\",\"potentialAction\":[{\"@type\":\"ReadAction\",\"target\":[\"https:\\\/\\\/www.galerijamaticesrpske.rs\\\/lat\\\/events\\\/u-carstvu-oblika-i-boja\\\/\"]}]},{\"@type\":\"ImageObject\",\"inLanguage\":\"sr-LAT\",\"@id\":\"https:\\\/\\\/www.galerijamaticesrpske.rs\\\/lat\\\/events\\\/u-carstvu-oblika-i-boja\\\/#primaryimage\",\"url\":\"https:\\\/\\\/www.galerijamaticesrpske.rs\\\/wp-content\\\/uploads\\\/2024\\\/11\\\/picture1-2.jpg\",\"contentUrl\":\"https:\\\/\\\/www.galerijamaticesrpske.rs\\\/wp-content\\\/uploads\\\/2024\\\/11\\\/picture1-2.jpg\",\"width\":1430,\"height\":532},{\"@type\":\"BreadcrumbList\",\"@id\":\"https:\\\/\\\/www.galerijamaticesrpske.rs\\\/lat\\\/events\\\/u-carstvu-oblika-i-boja\\\/#breadcrumb\",\"itemListElement\":[{\"@type\":\"ListItem\",\"position\":1,\"name\":\"\u041f\u043e\u0447\u0435\u0442\u043d\u0430\",\"item\":\"http:\\\/\\\/www.galerijamaticesrpske.rs\\\/lat\\\/\"},{\"@type\":\"ListItem\",\"position\":2,\"name\":\"Events\",\"item\":\"http:\\\/\\\/www.galerijamaticesrpske.rs\\\/lat\\\/events\\\/\"},{\"@type\":\"ListItem\",\"position\":3,\"name\":\"U carstvu oblika i boja\"}]},{\"@type\":\"WebSite\",\"@id\":\"https:\\\/\\\/www.galerijamaticesrpske.rs\\\/#website\",\"url\":\"https:\\\/\\\/www.galerijamaticesrpske.rs\\\/\",\"name\":\"Galerija Matice srpske\",\"description\":\"Muzej srpske nacionalne umetnosti u Novom Sadu\",\"publisher\":{\"@id\":\"https:\\\/\\\/www.galerijamaticesrpske.rs\\\/#organization\"},\"potentialAction\":[{\"@type\":\"SearchAction\",\"target\":{\"@type\":\"EntryPoint\",\"urlTemplate\":\"https:\\\/\\\/www.galerijamaticesrpske.rs\\\/?s={search_term_string}\"},\"query-input\":{\"@type\":\"PropertyValueSpecification\",\"valueRequired\":true,\"valueName\":\"search_term_string\"}}],\"inLanguage\":\"sr-LAT\"},{\"@type\":\"Organization\",\"@id\":\"https:\\\/\\\/www.galerijamaticesrpske.rs\\\/#organization\",\"name\":\"Galerija Matice srpske\",\"url\":\"https:\\\/\\\/www.galerijamaticesrpske.rs\\\/\",\"logo\":{\"@type\":\"ImageObject\",\"inLanguage\":\"sr-LAT\",\"@id\":\"https:\\\/\\\/www.galerijamaticesrpske.rs\\\/#\\\/schema\\\/logo\\\/image\\\/\",\"url\":\"https:\\\/\\\/www.galerijamaticesrpske.rs\\\/wp-content\\\/uploads\\\/2021\\\/01\\\/gms-logo-za-sajt.svg\",\"contentUrl\":\"https:\\\/\\\/www.galerijamaticesrpske.rs\\\/wp-content\\\/uploads\\\/2021\\\/01\\\/gms-logo-za-sajt.svg\",\"width\":1,\"height\":1,\"caption\":\"Galerija Matice srpske\"},\"image\":{\"@id\":\"https:\\\/\\\/www.galerijamaticesrpske.rs\\\/#\\\/schema\\\/logo\\\/image\\\/\"}}]}<\/script>\n<!-- \/ Yoast SEO plugin. -->","yoast_head_json":{"title":"U carstvu oblika i boja | Galerija Matice srpske","description":"Tokom novembra, deca su se na radionicama upoznala sa najzna\u010dajnijim umetni\u010dkim delima iz 18. i 19. veka koja se nalaze u srcu kolekcije Galerije Matice srpske.","robots":{"index":"index","follow":"follow","max-snippet":"max-snippet:-1","max-image-preview":"max-image-preview:large","max-video-preview":"max-video-preview:-1"},"canonical":"https:\/\/www.galerijamaticesrpske.rs\/lat\/events\/u-carstvu-oblika-i-boja\/","og_locale":"en_US","og_type":"article","og_title":"U carstvu oblika i boja | Galerija Matice srpske","og_description":"Tokom novembra, deca su se na radionicama upoznala sa najzna\u010dajnijim umetni\u010dkim delima iz 18. i 19. veka koja se nalaze u srcu kolekcije Galerije Matice srpske.","og_url":"https:\/\/www.galerijamaticesrpske.rs\/lat\/events\/u-carstvu-oblika-i-boja\/","og_site_name":"Galerija Matice srpske","og_image":[{"width":1430,"height":532,"url":"https:\/\/www.galerijamaticesrpske.rs\/wp-content\/uploads\/2024\/11\/picture1-2.jpg","type":"image\/jpeg"}],"twitter_card":"summary_large_image","twitter_misc":{"Est. reading time":"1 minute"},"schema":{"@context":"https:\/\/schema.org","@graph":[{"@type":"WebPage","@id":"https:\/\/www.galerijamaticesrpske.rs\/lat\/events\/u-carstvu-oblika-i-boja\/","url":"https:\/\/www.galerijamaticesrpske.rs\/lat\/events\/u-carstvu-oblika-i-boja\/","name":"U carstvu oblika i boja | Galerija Matice srpske","isPartOf":{"@id":"https:\/\/www.galerijamaticesrpske.rs\/#website"},"primaryImageOfPage":{"@id":"https:\/\/www.galerijamaticesrpske.rs\/lat\/events\/u-carstvu-oblika-i-boja\/#primaryimage"},"image":{"@id":"https:\/\/www.galerijamaticesrpske.rs\/lat\/events\/u-carstvu-oblika-i-boja\/#primaryimage"},"thumbnailUrl":"https:\/\/www.galerijamaticesrpske.rs\/wp-content\/uploads\/2024\/11\/picture1-2.jpg","datePublished":"2024-11-27T08:19:47+00:00","description":"Tokom novembra, deca su se na radionicama upoznala sa najzna\u010dajnijim umetni\u010dkim delima iz 18. i 19. veka koja se nalaze u srcu kolekcije Galerije Matice srpske.","breadcrumb":{"@id":"https:\/\/www.galerijamaticesrpske.rs\/lat\/events\/u-carstvu-oblika-i-boja\/#breadcrumb"},"inLanguage":"sr-LAT","potentialAction":[{"@type":"ReadAction","target":["https:\/\/www.galerijamaticesrpske.rs\/lat\/events\/u-carstvu-oblika-i-boja\/"]}]},{"@type":"ImageObject","inLanguage":"sr-LAT","@id":"https:\/\/www.galerijamaticesrpske.rs\/lat\/events\/u-carstvu-oblika-i-boja\/#primaryimage","url":"https:\/\/www.galerijamaticesrpske.rs\/wp-content\/uploads\/2024\/11\/picture1-2.jpg","contentUrl":"https:\/\/www.galerijamaticesrpske.rs\/wp-content\/uploads\/2024\/11\/picture1-2.jpg","width":1430,"height":532},{"@type":"BreadcrumbList","@id":"https:\/\/www.galerijamaticesrpske.rs\/lat\/events\/u-carstvu-oblika-i-boja\/#breadcrumb","itemListElement":[{"@type":"ListItem","position":1,"name":"\u041f\u043e\u0447\u0435\u0442\u043d\u0430","item":"http:\/\/www.galerijamaticesrpske.rs\/lat\/"},{"@type":"ListItem","position":2,"name":"Events","item":"http:\/\/www.galerijamaticesrpske.rs\/lat\/events\/"},{"@type":"ListItem","position":3,"name":"U carstvu oblika i boja"}]},{"@type":"WebSite","@id":"https:\/\/www.galerijamaticesrpske.rs\/#website","url":"https:\/\/www.galerijamaticesrpske.rs\/","name":"Galerija Matice srpske","description":"Muzej srpske nacionalne umetnosti u Novom Sadu","publisher":{"@id":"https:\/\/www.galerijamaticesrpske.rs\/#organization"},"potentialAction":[{"@type":"SearchAction","target":{"@type":"EntryPoint","urlTemplate":"https:\/\/www.galerijamaticesrpske.rs\/?s={search_term_string}"},"query-input":{"@type":"PropertyValueSpecification","valueRequired":true,"valueName":"search_term_string"}}],"inLanguage":"sr-LAT"},{"@type":"Organization","@id":"https:\/\/www.galerijamaticesrpske.rs\/#organization","name":"Galerija Matice srpske","url":"https:\/\/www.galerijamaticesrpske.rs\/","logo":{"@type":"ImageObject","inLanguage":"sr-LAT","@id":"https:\/\/www.galerijamaticesrpske.rs\/#\/schema\/logo\/image\/","url":"https:\/\/www.galerijamaticesrpske.rs\/wp-content\/uploads\/2021\/01\/gms-logo-za-sajt.svg","contentUrl":"https:\/\/www.galerijamaticesrpske.rs\/wp-content\/uploads\/2021\/01\/gms-logo-za-sajt.svg","width":1,"height":1,"caption":"Galerija Matice srpske"},"image":{"@id":"https:\/\/www.galerijamaticesrpske.rs\/#\/schema\/logo\/image\/"}}]}},"_links":{"self":[{"href":"https:\/\/www.galerijamaticesrpske.rs\/lat\/wp-json\/wp\/v2\/mec-events\/14060","targetHints":{"allow":["GET"]}}],"collection":[{"href":"https:\/\/www.galerijamaticesrpske.rs\/lat\/wp-json\/wp\/v2\/mec-events"}],"about":[{"href":"https:\/\/www.galerijamaticesrpske.rs\/lat\/wp-json\/wp\/v2\/types\/mec-events"}],"author":[{"embeddable":true,"href":"https:\/\/www.galerijamaticesrpske.rs\/lat\/wp-json\/wp\/v2\/users\/2"}],"replies":[{"embeddable":true,"href":"https:\/\/www.galerijamaticesrpske.rs\/lat\/wp-json\/wp\/v2\/comments?post=14060"}],"wp:featuredmedia":[{"embeddable":true,"href":"https:\/\/www.galerijamaticesrpske.rs\/lat\/wp-json\/wp\/v2\/media\/14058"}],"wp:attachment":[{"href":"https:\/\/www.galerijamaticesrpske.rs\/lat\/wp-json\/wp\/v2\/media?parent=14060"}],"wp:term":[{"taxonomy":"post_tag","embeddable":true,"href":"https:\/\/www.galerijamaticesrpske.rs\/lat\/wp-json\/wp\/v2\/tags?post=14060"},{"taxonomy":"mec_category","embeddable":true,"href":"https:\/\/www.galerijamaticesrpske.rs\/lat\/wp-json\/wp\/v2\/mec_category?post=14060"}],"curies":[{"name":"wp","href":"https:\/\/api.w.org\/{rel}","templated":true}]}}

<p>Tokom novembra, deca su se na radionicama upoznala sa najznačajnijim umetničkim delima iz 18. i 19. veka koja se nalaze u srcu kolekcije Galerije Matice srpske. Poslednju radionicu ovog meseca pod nazivom <em><strong>U carstvu oblika i boja</strong></em>, posvetićemo umetničkom delu iz 20. veka koje se takođe nalazi u srcu kolekcije. Slikar Petar Lubarda, kao i njegovi prethodnici, prikazao je belog i crvenog konja, konjanike, koplja i zastave, ali je koristio potpuno drugačiji likovni jezik. Deca će u saradnji sa muzejskim eduaktorkama dešifrovati ovaj moderni likovni jezik, a zatim će probati da se njime izraze u svom kreativnom radu.</p>
<p>Radionice se realizuju za <strong>maksimalno 15 mališana uzrasta od 5 do 10 godina</strong>. Ulaz na radionicu iznosi <strong>200 dinara po detetu</strong>.</p>
<p>Za više informacija možete se obratiti muzejskoj edukatorki Jeleni Bobić pozivom na broj telefona 0691102480 ili mejlom na adresu decjiprogrami@galerijamaticesrpske.rs.</p>

<p>Tokom novembra, deca su se na radionicama upoznala sa najznačajnijim umetničkim delima iz 18. i 19. veka koja se nalaze u srcu kolekcije Galerije Matice srpske. Poslednju radionicu ovog meseca pod nazivom U carstvu oblika i boja, posvetićemo umetničkom delu iz 20. veka koje se takođe nalazi u srcu kolekcije. Slikar Petar Lubarda, kao i</p>

<!-- This site is optimized with the Yoast SEO plugin v27.3 - https://yoast.com/product/yoast-seo-wordpress/ -->
<title>U carstvu oblika i boja | Galerija Matice srpske</title>
<meta name="description" content="Tokom novembra, deca su se na radionicama upoznala sa najznačajnijim umetničkim delima iz 18. i 19. veka koja se nalaze u srcu kolekcije Galerije Matice srpske." />
<meta name="robots" content="index, follow, max-snippet:-1, max-image-preview:large, max-video-preview:-1" />
<link rel="canonical" href="https://www.galerijamaticesrpske.rs/lat/events/u-carstvu-oblika-i-boja/" />
<meta property="og:locale" content="en_US" />
<meta property="og:type" content="article" />
<meta property="og:title" content="U carstvu oblika i boja | Galerija Matice srpske" />
<meta property="og:description" content="Tokom novembra, deca su se na radionicama upoznala sa najznačajnijim umetničkim delima iz 18. i 19. veka koja se nalaze u srcu kolekcije Galerije Matice srpske." />
<meta property="og:url" content="https://www.galerijamaticesrpske.rs/lat/events/u-carstvu-oblika-i-boja/" />
<meta property="og:site_name" content="Galerija Matice srpske" />
<meta property="og:image" content="https://www.galerijamaticesrpske.rs/wp-content/uploads/2024/11/picture1-2.jpg" />
	<meta property="og:image:width" content="1430" />
	<meta property="og:image:height" content="532" />
	<meta property="og:image:type" content="image/jpeg" />
<meta name="twitter:card" content="summary_large_image" />
<meta name="twitter:label1" content="Est. reading time" />
	<meta name="twitter:data1" content="1 minute" />
<script type="application/ld+json" class="yoast-schema-graph">{"@context":"https:\/\/schema.org","@graph":[{"@type":"WebPage","@id":"https:\/\/www.galerijamaticesrpske.rs\/lat\/events\/u-carstvu-oblika-i-boja\/","url":"https:\/\/www.galerijamaticesrpske.rs\/lat\/events\/u-carstvu-oblika-i-boja\/","name":"U carstvu oblika i boja | Galerija Matice srpske","isPartOf":{"@id":"https:\/\/www.galerijamaticesrpske.rs\/#website"},"primaryImageOfPage":{"@id":"https:\/\/www.galerijamaticesrpske.rs\/lat\/events\/u-carstvu-oblika-i-boja\/#primaryimage"},"image":{"@id":"https:\/\/www.galerijamaticesrpske.rs\/lat\/events\/u-carstvu-oblika-i-boja\/#primaryimage"},"thumbnailUrl":"https:\/\/www.galerijamaticesrpske.rs\/wp-content\/uploads\/2024\/11\/picture1-2.jpg","datePublished":"2024-11-27T08:19:47+00:00","description":"Tokom novembra, deca su se na radionicama upoznala sa najznačajnijim umetničkim delima iz 18. i 19. veka koja se nalaze u srcu kolekcije Galerije Matice srpske.","breadcrumb":{"@id":"https:\/\/www.galerijamaticesrpske.rs\/lat\/events\/u-carstvu-oblika-i-boja\/#breadcrumb"},"inLanguage":"sr-LAT","potentialAction":[{"@type":"ReadAction","target":["https:\/\/www.galerijamaticesrpske.rs\/lat\/events\/u-carstvu-oblika-i-boja\/"]}]},{"@type":"ImageObject","inLanguage":"sr-LAT","@id":"https:\/\/www.galerijamaticesrpske.rs\/lat\/events\/u-carstvu-oblika-i-boja\/#primaryimage","url":"https:\/\/www.galerijamaticesrpske.rs\/wp-content\/uploads\/2024\/11\/picture1-2.jpg","contentUrl":"https:\/\/www.galerijamaticesrpske.rs\/wp-content\/uploads\/2024\/11\/picture1-2.jpg","width":1430,"height":532},{"@type":"BreadcrumbList","@id":"https:\/\/www.galerijamaticesrpske.rs\/lat\/events\/u-carstvu-oblika-i-boja\/#breadcrumb","itemListElement":[{"@type":"ListItem","position":1,"name":"Почетна","item":"http:\/\/www.galerijamaticesrpske.rs\/lat\/"},{"@type":"ListItem","position":2,"name":"Events","item":"http:\/\/www.galerijamaticesrpske.rs\/lat\/events\/"},{"@type":"ListItem","position":3,"name":"U carstvu oblika i boja"}]},{"@type":"WebSite","@id":"https:\/\/www.galerijamaticesrpske.rs\/#website","url":"https:\/\/www.galerijamaticesrpske.rs\/","name":"Galerija Matice srpske","description":"Muzej srpske nacionalne umetnosti u Novom Sadu","publisher":{"@id":"https:\/\/www.galerijamaticesrpske.rs\/#organization"},"potentialAction":[{"@type":"SearchAction","target":{"@type":"EntryPoint","urlTemplate":"https:\/\/www.galerijamaticesrpske.rs\/?s={search_term_string}"},"query-input":{"@type":"PropertyValueSpecification","valueRequired":true,"valueName":"search_term_string"}}],"inLanguage":"sr-LAT"},{"@type":"Organization","@id":"https:\/\/www.galerijamaticesrpske.rs\/#organization","name":"Galerija Matice srpske","url":"https:\/\/www.galerijamaticesrpske.rs\/","logo":{"@type":"ImageObject","inLanguage":"sr-LAT","@id":"https:\/\/www.galerijamaticesrpske.rs\/#\/schema\/logo\/image\/","url":"https:\/\/www.galerijamaticesrpske.rs\/wp-content\/uploads\/2021\/01\/gms-logo-za-sajt.svg","contentUrl":"https:\/\/www.galerijamaticesrpske.rs\/wp-content\/uploads\/2021\/01\/gms-logo-za-sajt.svg","width":1,"height":1,"caption":"Galerija Matice srpske"},"image":{"@id":"https:\/\/www.galerijamaticesrpske.rs\/#\/schema\/logo\/image\/"}}]}</script>
<!-- / Yoast SEO plugin. -->

Tokom novembra, deca su se na radionicama upoznala sa najznačajnijim umetničkim delima iz 18. i 19. veka koja se nalaze u srcu kolekcije Galerije Matice srpske.

Почетна
