{"id":14086,"date":"2024-12-04T08:29:49","date_gmt":"2024-12-04T08:29:49","guid":{"rendered":"https:\/\/www.galerijamaticesrpske.rs\/?post_type=mec-events&#038;p=14086"},"modified":"2024-12-04T08:29:49","modified_gmt":"2024-12-04T08:29:49","slug":"crveno-je-boja","status":"publish","type":"mec-events","link":"https:\/\/www.galerijamaticesrpske.rs\/lat\/events\/crveno-je-boja\/","title":{"rendered":"Crveno je boja&#8230;"},"content":{"rendered":"<p>Nakon upoznavanja sa remek-delima Galerije iz 18, 19. i 20. veka, slede\u0107i mini-ciklus od tri radionice posveti\u0107emo likovnim formama, dok \u0107emo poslednju subotu rezervisati za ispra\u0107aj stare i do\u010dek nove godine uz ki\u0107enje jelke. U tom duhu, u hladni decembar ulazimo sa toplom i prazni\u010dnom crvenom. Na edukativnom delu radionice, deca \u0107e u\u010diti o likovnim elementima i boji kao jednom od njih, kao i o ose\u0107anjima koje razli\u010dite boje mogu u nama da probude, a zatim \u0107e, uz pomo\u0107 muzejskih edukatorki, otkriti za\u0161to je toliko umetnika koristilo crvenu boju na svojim slikama. Na kreativnom delu radionice, deca \u0107e crvenom bojom, a kroz razli\u010dite medije, probati i sama da se izraze.<\/p>\n<p>Radionice se realizuju za <strong>maksimalno 15 mali\u0161ana uzrasta od 5 do 10 godina<\/strong>. Ulaz na radionicu iznosi <strong>200 dinara po detetu<\/strong>.<\/p>\n<p>Za vi\u0161e informacija mo\u017eete se obratiti muzejskoj edukatorki Jeleni Bobi\u0107 pozivom na broj telefona 0691102480 ili mejlom na adresu decjiprogrami@galerijamaticesrpske.rs.<\/p>\n","protected":false},"excerpt":{"rendered":"<p>Nakon upoznavanja sa remek-delima Galerije iz 18, 19. i 20. veka, slede\u0107i mini-ciklus od tri radionice posveti\u0107emo likovnim formama, dok \u0107emo poslednju subotu rezervisati za ispra\u0107aj stare i do\u010dek nove godine uz ki\u0107enje jelke. U tom duhu, u hladni decembar ulazimo sa toplom i prazni\u010dnom crvenom. Na edukativnom delu radionice, deca \u0107e u\u010diti o likovnim<\/p>\n","protected":false},"author":2,"featured_media":14085,"comment_status":"closed","ping_status":"closed","template":"","tags":[],"mec_category":[104],"class_list":["post-14086","mec-events","type-mec-events","status-publish","has-post-thumbnail","hentry","mec_category-kreativne-radionice-za-decu-subotom"],"acf":[],"yoast_head":"<!-- This site is optimized with the Yoast SEO plugin v27.3 - https:\/\/yoast.com\/product\/yoast-seo-wordpress\/ -->\n<title>Crveno je boja... | Galerija Matice srpske<\/title>\n<meta name=\"description\" content=\"Nakon upoznavanja sa remek-delima Galerije iz 18, 19. i 20. veka, slede\u0107i mini-ciklus od tri radionice posveti\u0107emo likovnim formama, dok \u0107emo poslednju subotu rezervisati za ispra\u0107aj stare i do\u010dek nove godine uz ki\u0107enje jelke.\" \/>\n<meta name=\"robots\" content=\"index, follow, max-snippet:-1, max-image-preview:large, max-video-preview:-1\" \/>\n<link rel=\"canonical\" href=\"https:\/\/www.galerijamaticesrpske.rs\/lat\/events\/crveno-je-boja\/\" \/>\n<meta property=\"og:locale\" content=\"en_US\" \/>\n<meta property=\"og:type\" content=\"article\" \/>\n<meta property=\"og:title\" content=\"Crveno je boja... | Galerija Matice srpske\" \/>\n<meta property=\"og:description\" content=\"Nakon upoznavanja sa remek-delima Galerije iz 18, 19. i 20. veka, slede\u0107i mini-ciklus od tri radionice posveti\u0107emo likovnim formama, dok \u0107emo poslednju subotu rezervisati za ispra\u0107aj stare i do\u010dek nove godine uz ki\u0107enje jelke.\" \/>\n<meta property=\"og:url\" content=\"https:\/\/www.galerijamaticesrpske.rs\/lat\/events\/crveno-je-boja\/\" \/>\n<meta property=\"og:site_name\" content=\"Galerija Matice srpske\" \/>\n<meta property=\"og:image\" content=\"https:\/\/www.galerijamaticesrpske.rs\/wp-content\/uploads\/2024\/12\/picture1.jpg\" \/>\n\t<meta property=\"og:image:width\" content=\"1872\" \/>\n\t<meta property=\"og:image:height\" content=\"853\" \/>\n\t<meta property=\"og:image:type\" content=\"image\/jpeg\" \/>\n<meta name=\"twitter:card\" content=\"summary_large_image\" \/>\n<meta name=\"twitter:label1\" content=\"Est. reading time\" \/>\n\t<meta name=\"twitter:data1\" content=\"1 minute\" \/>\n<script type=\"application\/ld+json\" class=\"yoast-schema-graph\">{\"@context\":\"https:\\\/\\\/schema.org\",\"@graph\":[{\"@type\":\"WebPage\",\"@id\":\"https:\\\/\\\/www.galerijamaticesrpske.rs\\\/lat\\\/events\\\/crveno-je-boja\\\/\",\"url\":\"https:\\\/\\\/www.galerijamaticesrpske.rs\\\/lat\\\/events\\\/crveno-je-boja\\\/\",\"name\":\"Crveno je boja... | Galerija Matice srpske\",\"isPartOf\":{\"@id\":\"http:\\\/\\\/www.galerijamaticesrpske.rs\\\/en\\\/#website\"},\"primaryImageOfPage\":{\"@id\":\"https:\\\/\\\/www.galerijamaticesrpske.rs\\\/lat\\\/events\\\/crveno-je-boja\\\/#primaryimage\"},\"image\":{\"@id\":\"https:\\\/\\\/www.galerijamaticesrpske.rs\\\/lat\\\/events\\\/crveno-je-boja\\\/#primaryimage\"},\"thumbnailUrl\":\"https:\\\/\\\/www.galerijamaticesrpske.rs\\\/wp-content\\\/uploads\\\/2024\\\/12\\\/picture1.jpg\",\"datePublished\":\"2024-12-04T08:29:49+00:00\",\"description\":\"Nakon upoznavanja sa remek-delima Galerije iz 18, 19. i 20. veka, slede\u0107i mini-ciklus od tri radionice posveti\u0107emo likovnim formama, dok \u0107emo poslednju subotu rezervisati za ispra\u0107aj stare i do\u010dek nove godine uz ki\u0107enje jelke.\",\"breadcrumb\":{\"@id\":\"https:\\\/\\\/www.galerijamaticesrpske.rs\\\/lat\\\/events\\\/crveno-je-boja\\\/#breadcrumb\"},\"inLanguage\":\"sr-LAT\",\"potentialAction\":[{\"@type\":\"ReadAction\",\"target\":[\"https:\\\/\\\/www.galerijamaticesrpske.rs\\\/lat\\\/events\\\/crveno-je-boja\\\/\"]}]},{\"@type\":\"ImageObject\",\"inLanguage\":\"sr-LAT\",\"@id\":\"https:\\\/\\\/www.galerijamaticesrpske.rs\\\/lat\\\/events\\\/crveno-je-boja\\\/#primaryimage\",\"url\":\"https:\\\/\\\/www.galerijamaticesrpske.rs\\\/wp-content\\\/uploads\\\/2024\\\/12\\\/picture1.jpg\",\"contentUrl\":\"https:\\\/\\\/www.galerijamaticesrpske.rs\\\/wp-content\\\/uploads\\\/2024\\\/12\\\/picture1.jpg\",\"width\":1872,\"height\":853},{\"@type\":\"BreadcrumbList\",\"@id\":\"https:\\\/\\\/www.galerijamaticesrpske.rs\\\/lat\\\/events\\\/crveno-je-boja\\\/#breadcrumb\",\"itemListElement\":[{\"@type\":\"ListItem\",\"position\":1,\"name\":\"\u041f\u043e\u0447\u0435\u0442\u043d\u0430\",\"item\":\"https:\\\/\\\/www.galerijamaticesrpske.rs\\\/lat\\\/\"},{\"@type\":\"ListItem\",\"position\":2,\"name\":\"Events\",\"item\":\"http:\\\/\\\/www.galerijamaticesrpske.rs\\\/en\\\/events\\\/\"},{\"@type\":\"ListItem\",\"position\":3,\"name\":\"Crveno je boja&#8230;\"}]},{\"@type\":\"WebSite\",\"@id\":\"http:\\\/\\\/www.galerijamaticesrpske.rs\\\/en\\\/#website\",\"url\":\"http:\\\/\\\/www.galerijamaticesrpske.rs\\\/en\\\/\",\"name\":\"Galerija Matice srpske\",\"description\":\"Muzej srpske nacionalne umetnosti u Novom Sadu\",\"publisher\":{\"@id\":\"http:\\\/\\\/www.galerijamaticesrpske.rs\\\/en\\\/#organization\"},\"potentialAction\":[{\"@type\":\"SearchAction\",\"target\":{\"@type\":\"EntryPoint\",\"urlTemplate\":\"http:\\\/\\\/www.galerijamaticesrpske.rs\\\/en\\\/?s={search_term_string}\"},\"query-input\":{\"@type\":\"PropertyValueSpecification\",\"valueRequired\":true,\"valueName\":\"search_term_string\"}}],\"inLanguage\":\"sr-LAT\"},{\"@type\":\"Organization\",\"@id\":\"http:\\\/\\\/www.galerijamaticesrpske.rs\\\/en\\\/#organization\",\"name\":\"Galerija Matice srpske\",\"url\":\"http:\\\/\\\/www.galerijamaticesrpske.rs\\\/en\\\/\",\"logo\":{\"@type\":\"ImageObject\",\"inLanguage\":\"sr-LAT\",\"@id\":\"http:\\\/\\\/www.galerijamaticesrpske.rs\\\/en\\\/#\\\/schema\\\/logo\\\/image\\\/\",\"url\":\"https:\\\/\\\/www.galerijamaticesrpske.rs\\\/wp-content\\\/uploads\\\/2021\\\/01\\\/gms-logo-za-sajt.svg\",\"contentUrl\":\"https:\\\/\\\/www.galerijamaticesrpske.rs\\\/wp-content\\\/uploads\\\/2021\\\/01\\\/gms-logo-za-sajt.svg\",\"width\":1,\"height\":1,\"caption\":\"Galerija Matice srpske\"},\"image\":{\"@id\":\"http:\\\/\\\/www.galerijamaticesrpske.rs\\\/en\\\/#\\\/schema\\\/logo\\\/image\\\/\"}}]}<\/script>\n<!-- \/ Yoast SEO plugin. -->","yoast_head_json":{"title":"Crveno je boja... | Galerija Matice srpske","description":"Nakon upoznavanja sa remek-delima Galerije iz 18, 19. i 20. veka, slede\u0107i mini-ciklus od tri radionice posveti\u0107emo likovnim formama, dok \u0107emo poslednju subotu rezervisati za ispra\u0107aj stare i do\u010dek nove godine uz ki\u0107enje jelke.","robots":{"index":"index","follow":"follow","max-snippet":"max-snippet:-1","max-image-preview":"max-image-preview:large","max-video-preview":"max-video-preview:-1"},"canonical":"https:\/\/www.galerijamaticesrpske.rs\/lat\/events\/crveno-je-boja\/","og_locale":"en_US","og_type":"article","og_title":"Crveno je boja... | Galerija Matice srpske","og_description":"Nakon upoznavanja sa remek-delima Galerije iz 18, 19. i 20. veka, slede\u0107i mini-ciklus od tri radionice posveti\u0107emo likovnim formama, dok \u0107emo poslednju subotu rezervisati za ispra\u0107aj stare i do\u010dek nove godine uz ki\u0107enje jelke.","og_url":"https:\/\/www.galerijamaticesrpske.rs\/lat\/events\/crveno-je-boja\/","og_site_name":"Galerija Matice srpske","og_image":[{"width":1872,"height":853,"url":"https:\/\/www.galerijamaticesrpske.rs\/wp-content\/uploads\/2024\/12\/picture1.jpg","type":"image\/jpeg"}],"twitter_card":"summary_large_image","twitter_misc":{"Est. reading time":"1 minute"},"schema":{"@context":"https:\/\/schema.org","@graph":[{"@type":"WebPage","@id":"https:\/\/www.galerijamaticesrpske.rs\/lat\/events\/crveno-je-boja\/","url":"https:\/\/www.galerijamaticesrpske.rs\/lat\/events\/crveno-je-boja\/","name":"Crveno je boja... | Galerija Matice srpske","isPartOf":{"@id":"http:\/\/www.galerijamaticesrpske.rs\/en\/#website"},"primaryImageOfPage":{"@id":"https:\/\/www.galerijamaticesrpske.rs\/lat\/events\/crveno-je-boja\/#primaryimage"},"image":{"@id":"https:\/\/www.galerijamaticesrpske.rs\/lat\/events\/crveno-je-boja\/#primaryimage"},"thumbnailUrl":"https:\/\/www.galerijamaticesrpske.rs\/wp-content\/uploads\/2024\/12\/picture1.jpg","datePublished":"2024-12-04T08:29:49+00:00","description":"Nakon upoznavanja sa remek-delima Galerije iz 18, 19. i 20. veka, slede\u0107i mini-ciklus od tri radionice posveti\u0107emo likovnim formama, dok \u0107emo poslednju subotu rezervisati za ispra\u0107aj stare i do\u010dek nove godine uz ki\u0107enje jelke.","breadcrumb":{"@id":"https:\/\/www.galerijamaticesrpske.rs\/lat\/events\/crveno-je-boja\/#breadcrumb"},"inLanguage":"sr-LAT","potentialAction":[{"@type":"ReadAction","target":["https:\/\/www.galerijamaticesrpske.rs\/lat\/events\/crveno-je-boja\/"]}]},{"@type":"ImageObject","inLanguage":"sr-LAT","@id":"https:\/\/www.galerijamaticesrpske.rs\/lat\/events\/crveno-je-boja\/#primaryimage","url":"https:\/\/www.galerijamaticesrpske.rs\/wp-content\/uploads\/2024\/12\/picture1.jpg","contentUrl":"https:\/\/www.galerijamaticesrpske.rs\/wp-content\/uploads\/2024\/12\/picture1.jpg","width":1872,"height":853},{"@type":"BreadcrumbList","@id":"https:\/\/www.galerijamaticesrpske.rs\/lat\/events\/crveno-je-boja\/#breadcrumb","itemListElement":[{"@type":"ListItem","position":1,"name":"\u041f\u043e\u0447\u0435\u0442\u043d\u0430","item":"https:\/\/www.galerijamaticesrpske.rs\/lat\/"},{"@type":"ListItem","position":2,"name":"Events","item":"http:\/\/www.galerijamaticesrpske.rs\/en\/events\/"},{"@type":"ListItem","position":3,"name":"Crveno je boja&#8230;"}]},{"@type":"WebSite","@id":"http:\/\/www.galerijamaticesrpske.rs\/en\/#website","url":"http:\/\/www.galerijamaticesrpske.rs\/en\/","name":"Galerija Matice srpske","description":"Muzej srpske nacionalne umetnosti u Novom Sadu","publisher":{"@id":"http:\/\/www.galerijamaticesrpske.rs\/en\/#organization"},"potentialAction":[{"@type":"SearchAction","target":{"@type":"EntryPoint","urlTemplate":"http:\/\/www.galerijamaticesrpske.rs\/en\/?s={search_term_string}"},"query-input":{"@type":"PropertyValueSpecification","valueRequired":true,"valueName":"search_term_string"}}],"inLanguage":"sr-LAT"},{"@type":"Organization","@id":"http:\/\/www.galerijamaticesrpske.rs\/en\/#organization","name":"Galerija Matice srpske","url":"http:\/\/www.galerijamaticesrpske.rs\/en\/","logo":{"@type":"ImageObject","inLanguage":"sr-LAT","@id":"http:\/\/www.galerijamaticesrpske.rs\/en\/#\/schema\/logo\/image\/","url":"https:\/\/www.galerijamaticesrpske.rs\/wp-content\/uploads\/2021\/01\/gms-logo-za-sajt.svg","contentUrl":"https:\/\/www.galerijamaticesrpske.rs\/wp-content\/uploads\/2021\/01\/gms-logo-za-sajt.svg","width":1,"height":1,"caption":"Galerija Matice srpske"},"image":{"@id":"http:\/\/www.galerijamaticesrpske.rs\/en\/#\/schema\/logo\/image\/"}}]}},"_links":{"self":[{"href":"https:\/\/www.galerijamaticesrpske.rs\/lat\/wp-json\/wp\/v2\/mec-events\/14086","targetHints":{"allow":["GET"]}}],"collection":[{"href":"https:\/\/www.galerijamaticesrpske.rs\/lat\/wp-json\/wp\/v2\/mec-events"}],"about":[{"href":"https:\/\/www.galerijamaticesrpske.rs\/lat\/wp-json\/wp\/v2\/types\/mec-events"}],"author":[{"embeddable":true,"href":"https:\/\/www.galerijamaticesrpske.rs\/lat\/wp-json\/wp\/v2\/users\/2"}],"replies":[{"embeddable":true,"href":"https:\/\/www.galerijamaticesrpske.rs\/lat\/wp-json\/wp\/v2\/comments?post=14086"}],"wp:featuredmedia":[{"embeddable":true,"href":"https:\/\/www.galerijamaticesrpske.rs\/lat\/wp-json\/wp\/v2\/media\/14085"}],"wp:attachment":[{"href":"https:\/\/www.galerijamaticesrpske.rs\/lat\/wp-json\/wp\/v2\/media?parent=14086"}],"wp:term":[{"taxonomy":"post_tag","embeddable":true,"href":"https:\/\/www.galerijamaticesrpske.rs\/lat\/wp-json\/wp\/v2\/tags?post=14086"},{"taxonomy":"mec_category","embeddable":true,"href":"https:\/\/www.galerijamaticesrpske.rs\/lat\/wp-json\/wp\/v2\/mec_category?post=14086"}],"curies":[{"name":"wp","href":"https:\/\/api.w.org\/{rel}","templated":true}]}}

<p>Nakon upoznavanja sa remek-delima Galerije iz 18, 19. i 20. veka, sledeći mini-ciklus od tri radionice posvetićemo likovnim formama, dok ćemo poslednju subotu rezervisati za ispraćaj stare i doček nove godine uz kićenje jelke. U tom duhu, u hladni decembar ulazimo sa toplom i prazničnom crvenom. Na edukativnom delu radionice, deca će učiti o likovnim elementima i boji kao jednom od njih, kao i o osećanjima koje različite boje mogu u nama da probude, a zatim će, uz pomoć muzejskih edukatorki, otkriti zašto je toliko umetnika koristilo crvenu boju na svojim slikama. Na kreativnom delu radionice, deca će crvenom bojom, a kroz različite medije, probati i sama da se izraze.</p>
<p>Radionice se realizuju za <strong>maksimalno 15 mališana uzrasta od 5 do 10 godina</strong>. Ulaz na radionicu iznosi <strong>200 dinara po detetu</strong>.</p>
<p>Za više informacija možete se obratiti muzejskoj edukatorki Jeleni Bobić pozivom na broj telefona 0691102480 ili mejlom na adresu decjiprogrami@galerijamaticesrpske.rs.</p>

<p>Nakon upoznavanja sa remek-delima Galerije iz 18, 19. i 20. veka, sledeći mini-ciklus od tri radionice posvetićemo likovnim formama, dok ćemo poslednju subotu rezervisati za ispraćaj stare i doček nove godine uz kićenje jelke. U tom duhu, u hladni decembar ulazimo sa toplom i prazničnom crvenom. Na edukativnom delu radionice, deca će učiti o likovnim</p>

<!-- This site is optimized with the Yoast SEO plugin v27.3 - https://yoast.com/product/yoast-seo-wordpress/ -->
<title>Crveno je boja... | Galerija Matice srpske</title>
<meta name="description" content="Nakon upoznavanja sa remek-delima Galerije iz 18, 19. i 20. veka, sledeći mini-ciklus od tri radionice posvetićemo likovnim formama, dok ćemo poslednju subotu rezervisati za ispraćaj stare i doček nove godine uz kićenje jelke." />
<meta name="robots" content="index, follow, max-snippet:-1, max-image-preview:large, max-video-preview:-1" />
<link rel="canonical" href="https://www.galerijamaticesrpske.rs/lat/events/crveno-je-boja/" />
<meta property="og:locale" content="en_US" />
<meta property="og:type" content="article" />
<meta property="og:title" content="Crveno je boja... | Galerija Matice srpske" />
<meta property="og:description" content="Nakon upoznavanja sa remek-delima Galerije iz 18, 19. i 20. veka, sledeći mini-ciklus od tri radionice posvetićemo likovnim formama, dok ćemo poslednju subotu rezervisati za ispraćaj stare i doček nove godine uz kićenje jelke." />
<meta property="og:url" content="https://www.galerijamaticesrpske.rs/lat/events/crveno-je-boja/" />
<meta property="og:site_name" content="Galerija Matice srpske" />
<meta property="og:image" content="https://www.galerijamaticesrpske.rs/wp-content/uploads/2024/12/picture1.jpg" />
	<meta property="og:image:width" content="1872" />
	<meta property="og:image:height" content="853" />
	<meta property="og:image:type" content="image/jpeg" />
<meta name="twitter:card" content="summary_large_image" />
<meta name="twitter:label1" content="Est. reading time" />
	<meta name="twitter:data1" content="1 minute" />
<script type="application/ld+json" class="yoast-schema-graph">{"@context":"https:\/\/schema.org","@graph":[{"@type":"WebPage","@id":"https:\/\/www.galerijamaticesrpske.rs\/lat\/events\/crveno-je-boja\/","url":"https:\/\/www.galerijamaticesrpske.rs\/lat\/events\/crveno-je-boja\/","name":"Crveno je boja... | Galerija Matice srpske","isPartOf":{"@id":"http:\/\/www.galerijamaticesrpske.rs\/en\/#website"},"primaryImageOfPage":{"@id":"https:\/\/www.galerijamaticesrpske.rs\/lat\/events\/crveno-je-boja\/#primaryimage"},"image":{"@id":"https:\/\/www.galerijamaticesrpske.rs\/lat\/events\/crveno-je-boja\/#primaryimage"},"thumbnailUrl":"https:\/\/www.galerijamaticesrpske.rs\/wp-content\/uploads\/2024\/12\/picture1.jpg","datePublished":"2024-12-04T08:29:49+00:00","description":"Nakon upoznavanja sa remek-delima Galerije iz 18, 19. i 20. veka, sledeći mini-ciklus od tri radionice posvetićemo likovnim formama, dok ćemo poslednju subotu rezervisati za ispraćaj stare i doček nove godine uz kićenje jelke.","breadcrumb":{"@id":"https:\/\/www.galerijamaticesrpske.rs\/lat\/events\/crveno-je-boja\/#breadcrumb"},"inLanguage":"sr-LAT","potentialAction":[{"@type":"ReadAction","target":["https:\/\/www.galerijamaticesrpske.rs\/lat\/events\/crveno-je-boja\/"]}]},{"@type":"ImageObject","inLanguage":"sr-LAT","@id":"https:\/\/www.galerijamaticesrpske.rs\/lat\/events\/crveno-je-boja\/#primaryimage","url":"https:\/\/www.galerijamaticesrpske.rs\/wp-content\/uploads\/2024\/12\/picture1.jpg","contentUrl":"https:\/\/www.galerijamaticesrpske.rs\/wp-content\/uploads\/2024\/12\/picture1.jpg","width":1872,"height":853},{"@type":"BreadcrumbList","@id":"https:\/\/www.galerijamaticesrpske.rs\/lat\/events\/crveno-je-boja\/#breadcrumb","itemListElement":[{"@type":"ListItem","position":1,"name":"Почетна","item":"https:\/\/www.galerijamaticesrpske.rs\/lat\/"},{"@type":"ListItem","position":2,"name":"Events","item":"http:\/\/www.galerijamaticesrpske.rs\/en\/events\/"},{"@type":"ListItem","position":3,"name":"Crveno je boja&#8230;"}]},{"@type":"WebSite","@id":"http:\/\/www.galerijamaticesrpske.rs\/en\/#website","url":"http:\/\/www.galerijamaticesrpske.rs\/en\/","name":"Galerija Matice srpske","description":"Muzej srpske nacionalne umetnosti u Novom Sadu","publisher":{"@id":"http:\/\/www.galerijamaticesrpske.rs\/en\/#organization"},"potentialAction":[{"@type":"SearchAction","target":{"@type":"EntryPoint","urlTemplate":"http:\/\/www.galerijamaticesrpske.rs\/en\/?s={search_term_string}"},"query-input":{"@type":"PropertyValueSpecification","valueRequired":true,"valueName":"search_term_string"}}],"inLanguage":"sr-LAT"},{"@type":"Organization","@id":"http:\/\/www.galerijamaticesrpske.rs\/en\/#organization","name":"Galerija Matice srpske","url":"http:\/\/www.galerijamaticesrpske.rs\/en\/","logo":{"@type":"ImageObject","inLanguage":"sr-LAT","@id":"http:\/\/www.galerijamaticesrpske.rs\/en\/#\/schema\/logo\/image\/","url":"https:\/\/www.galerijamaticesrpske.rs\/wp-content\/uploads\/2021\/01\/gms-logo-za-sajt.svg","contentUrl":"https:\/\/www.galerijamaticesrpske.rs\/wp-content\/uploads\/2021\/01\/gms-logo-za-sajt.svg","width":1,"height":1,"caption":"Galerija Matice srpske"},"image":{"@id":"http:\/\/www.galerijamaticesrpske.rs\/en\/#\/schema\/logo\/image\/"}}]}</script>
<!-- / Yoast SEO plugin. -->

Nakon upoznavanja sa remek-delima Galerije iz 18, 19. i 20. veka, sledeći mini-ciklus od tri radionice posvetićemo likovnim formama, dok ćemo poslednju subotu rezervisati za ispraćaj stare i doček nove godine uz kićenje jelke.

Почетна
