{"id":14504,"date":"2025-03-11T14:34:05","date_gmt":"2025-03-11T14:34:05","guid":{"rendered":"https:\/\/www.galerijamaticesrpske.rs\/?post_type=mec-events&#038;p=14504"},"modified":"2025-03-11T14:34:05","modified_gmt":"2025-03-11T14:34:05","slug":"mesec-frankofonije-inspirisani-francuskom-2","status":"publish","type":"mec-events","link":"https:\/\/www.galerijamaticesrpske.rs\/lat\/events\/mesec-frankofonije-inspirisani-francuskom-2\/","title":{"rendered":"Mesec frankofonije \u2013 Inspirisani Francuskom"},"content":{"rendered":"<p>Francuska prestonica umetnosti, Pariz, bio je nezaobilazni topos slikarskog sazrevanja srpskih umetnika. U njemu su boravili kra\u0107e ili du\u017ee, \u0161kolovali se, obilazili izlo\u017ebe, dru\u017eili se i stvarali kako u me\u0111uratnom tako i u posleratnom periodu. Prizori francuskih pejza\u017ea, zabave, dokolice, javnih i privatnih prostora ogledalo su njihove pariske svakodnevice. Platna umetnika poput LJubice Cuce Soki\u0107, Bogdana \u0160uputa, Save \u0160umanovi\u0107a, Milana Konjovi\u0107a i Pe\u0111e Milosavljevi\u0107a, stoje kao trajna svedo\u010danstva na\u010dina na koji su ovi \u201epariski gosti\u201c do\u017eiveli prestonicu umetnosti.<\/p>\n<p><strong>Vo\u0111enje \u0107e biti na francuskom jeziku.<\/strong><\/p>\n<p>Vodi: <strong>Simon \u0160onbrot<\/strong>, rukovodilac ogranka Francuskog instituta u Novom Sadu<\/p>\n","protected":false},"excerpt":{"rendered":"<p>Francuska prestonica umetnosti, Pariz, bio je nezaobilazni topos slikarskog sazrevanja srpskih umetnika. U njemu su boravili kra\u0107e ili du\u017ee, \u0161kolovali se, obilazili izlo\u017ebe, dru\u017eili se i stvarali kako u me\u0111uratnom tako i u posleratnom periodu. Prizori francuskih pejza\u017ea, zabave, dokolice, javnih i privatnih prostora ogledalo su njihove pariske svakodnevice. Platna umetnika poput LJubice Cuce Soki\u0107,<\/p>\n","protected":false},"author":2,"featured_media":13532,"comment_status":"closed","ping_status":"closed","template":"","tags":[],"mec_category":[105],"class_list":["post-14504","mec-events","type-mec-events","status-publish","has-post-thumbnail","hentry","mec_category-manifestacije"],"acf":[],"yoast_head":"<!-- This site is optimized with the Yoast SEO plugin v27.3 - https:\/\/yoast.com\/product\/yoast-seo-wordpress\/ -->\n<title>Mesec frankofonije \u2013 Inspirisani Francuskom | Galerija Matice srpske<\/title>\n<meta name=\"description\" content=\"Francuska prestonica umetnosti, Pariz, bio je nezaobilazni topos slikarskog sazrevanja srpskih umetnika.\" \/>\n<meta name=\"robots\" content=\"index, follow, max-snippet:-1, max-image-preview:large, max-video-preview:-1\" \/>\n<link rel=\"canonical\" href=\"https:\/\/www.galerijamaticesrpske.rs\/lat\/events\/mesec-frankofonije-inspirisani-francuskom-2\/\" \/>\n<meta property=\"og:locale\" content=\"en_US\" \/>\n<meta property=\"og:type\" content=\"article\" \/>\n<meta property=\"og:title\" content=\"Mesec frankofonije \u2013 Inspirisani Francuskom | Galerija Matice srpske\" \/>\n<meta property=\"og:description\" content=\"Francuska prestonica umetnosti, Pariz, bio je nezaobilazni topos slikarskog sazrevanja srpskih umetnika.\" \/>\n<meta property=\"og:url\" content=\"https:\/\/www.galerijamaticesrpske.rs\/lat\/events\/mesec-frankofonije-inspirisani-francuskom-2\/\" \/>\n<meta property=\"og:site_name\" content=\"Galerija Matice srpske\" \/>\n<meta property=\"og:image\" content=\"https:\/\/www.galerijamaticesrpske.rs\/wp-content\/uploads\/2024\/11\/predrag-pedja-milosavljevic-krovovi-1952.jpg\" \/>\n\t<meta property=\"og:image:width\" content=\"1200\" \/>\n\t<meta property=\"og:image:height\" content=\"971\" \/>\n\t<meta property=\"og:image:type\" content=\"image\/jpeg\" \/>\n<meta name=\"twitter:card\" content=\"summary_large_image\" \/>\n<meta name=\"twitter:label1\" content=\"Est. reading time\" \/>\n\t<meta name=\"twitter:data1\" content=\"1 minute\" \/>\n<script type=\"application\/ld+json\" class=\"yoast-schema-graph\">{\"@context\":\"https:\\\/\\\/schema.org\",\"@graph\":[{\"@type\":\"WebPage\",\"@id\":\"https:\\\/\\\/www.galerijamaticesrpske.rs\\\/lat\\\/events\\\/mesec-frankofonije-inspirisani-francuskom-2\\\/\",\"url\":\"https:\\\/\\\/www.galerijamaticesrpske.rs\\\/lat\\\/events\\\/mesec-frankofonije-inspirisani-francuskom-2\\\/\",\"name\":\"Mesec frankofonije \u2013 Inspirisani Francuskom | Galerija Matice srpske\",\"isPartOf\":{\"@id\":\"https:\\\/\\\/www.galerijamaticesrpske.rs\\\/#website\"},\"primaryImageOfPage\":{\"@id\":\"https:\\\/\\\/www.galerijamaticesrpske.rs\\\/lat\\\/events\\\/mesec-frankofonije-inspirisani-francuskom-2\\\/#primaryimage\"},\"image\":{\"@id\":\"https:\\\/\\\/www.galerijamaticesrpske.rs\\\/lat\\\/events\\\/mesec-frankofonije-inspirisani-francuskom-2\\\/#primaryimage\"},\"thumbnailUrl\":\"https:\\\/\\\/www.galerijamaticesrpske.rs\\\/wp-content\\\/uploads\\\/2024\\\/11\\\/predrag-pedja-milosavljevic-krovovi-1952.jpg\",\"datePublished\":\"2025-03-11T14:34:05+00:00\",\"description\":\"Francuska prestonica umetnosti, Pariz, bio je nezaobilazni topos slikarskog sazrevanja srpskih umetnika.\",\"breadcrumb\":{\"@id\":\"https:\\\/\\\/www.galerijamaticesrpske.rs\\\/lat\\\/events\\\/mesec-frankofonije-inspirisani-francuskom-2\\\/#breadcrumb\"},\"inLanguage\":\"sr-LAT\",\"potentialAction\":[{\"@type\":\"ReadAction\",\"target\":[\"https:\\\/\\\/www.galerijamaticesrpske.rs\\\/lat\\\/events\\\/mesec-frankofonije-inspirisani-francuskom-2\\\/\"]}]},{\"@type\":\"ImageObject\",\"inLanguage\":\"sr-LAT\",\"@id\":\"https:\\\/\\\/www.galerijamaticesrpske.rs\\\/lat\\\/events\\\/mesec-frankofonije-inspirisani-francuskom-2\\\/#primaryimage\",\"url\":\"https:\\\/\\\/www.galerijamaticesrpske.rs\\\/wp-content\\\/uploads\\\/2024\\\/11\\\/predrag-pedja-milosavljevic-krovovi-1952.jpg\",\"contentUrl\":\"https:\\\/\\\/www.galerijamaticesrpske.rs\\\/wp-content\\\/uploads\\\/2024\\\/11\\\/predrag-pedja-milosavljevic-krovovi-1952.jpg\",\"width\":1200,\"height\":971,\"caption\":\"Predrag-Pedja-Milosavljevic-Krovovi-1952\"},{\"@type\":\"BreadcrumbList\",\"@id\":\"https:\\\/\\\/www.galerijamaticesrpske.rs\\\/lat\\\/events\\\/mesec-frankofonije-inspirisani-francuskom-2\\\/#breadcrumb\",\"itemListElement\":[{\"@type\":\"ListItem\",\"position\":1,\"name\":\"\u041f\u043e\u0447\u0435\u0442\u043d\u0430\",\"item\":\"http:\\\/\\\/www.galerijamaticesrpske.rs\\\/lat\\\/\"},{\"@type\":\"ListItem\",\"position\":2,\"name\":\"Events\",\"item\":\"http:\\\/\\\/www.galerijamaticesrpske.rs\\\/lat\\\/events\\\/\"},{\"@type\":\"ListItem\",\"position\":3,\"name\":\"Mesec frankofonije \u2013 Inspirisani Francuskom\"}]},{\"@type\":\"WebSite\",\"@id\":\"https:\\\/\\\/www.galerijamaticesrpske.rs\\\/#website\",\"url\":\"https:\\\/\\\/www.galerijamaticesrpske.rs\\\/\",\"name\":\"Galerija Matice srpske\",\"description\":\"Muzej srpske nacionalne umetnosti u Novom Sadu\",\"publisher\":{\"@id\":\"https:\\\/\\\/www.galerijamaticesrpske.rs\\\/#organization\"},\"potentialAction\":[{\"@type\":\"SearchAction\",\"target\":{\"@type\":\"EntryPoint\",\"urlTemplate\":\"https:\\\/\\\/www.galerijamaticesrpske.rs\\\/?s={search_term_string}\"},\"query-input\":{\"@type\":\"PropertyValueSpecification\",\"valueRequired\":true,\"valueName\":\"search_term_string\"}}],\"inLanguage\":\"sr-LAT\"},{\"@type\":\"Organization\",\"@id\":\"https:\\\/\\\/www.galerijamaticesrpske.rs\\\/#organization\",\"name\":\"Galerija Matice srpske\",\"url\":\"https:\\\/\\\/www.galerijamaticesrpske.rs\\\/\",\"logo\":{\"@type\":\"ImageObject\",\"inLanguage\":\"sr-LAT\",\"@id\":\"https:\\\/\\\/www.galerijamaticesrpske.rs\\\/#\\\/schema\\\/logo\\\/image\\\/\",\"url\":\"https:\\\/\\\/www.galerijamaticesrpske.rs\\\/wp-content\\\/uploads\\\/2021\\\/01\\\/gms-logo-za-sajt.svg\",\"contentUrl\":\"https:\\\/\\\/www.galerijamaticesrpske.rs\\\/wp-content\\\/uploads\\\/2021\\\/01\\\/gms-logo-za-sajt.svg\",\"width\":1,\"height\":1,\"caption\":\"Galerija Matice srpske\"},\"image\":{\"@id\":\"https:\\\/\\\/www.galerijamaticesrpske.rs\\\/#\\\/schema\\\/logo\\\/image\\\/\"}}]}<\/script>\n<!-- \/ Yoast SEO plugin. -->","yoast_head_json":{"title":"Mesec frankofonije \u2013 Inspirisani Francuskom | Galerija Matice srpske","description":"Francuska prestonica umetnosti, Pariz, bio je nezaobilazni topos slikarskog sazrevanja srpskih umetnika.","robots":{"index":"index","follow":"follow","max-snippet":"max-snippet:-1","max-image-preview":"max-image-preview:large","max-video-preview":"max-video-preview:-1"},"canonical":"https:\/\/www.galerijamaticesrpske.rs\/lat\/events\/mesec-frankofonije-inspirisani-francuskom-2\/","og_locale":"en_US","og_type":"article","og_title":"Mesec frankofonije \u2013 Inspirisani Francuskom | Galerija Matice srpske","og_description":"Francuska prestonica umetnosti, Pariz, bio je nezaobilazni topos slikarskog sazrevanja srpskih umetnika.","og_url":"https:\/\/www.galerijamaticesrpske.rs\/lat\/events\/mesec-frankofonije-inspirisani-francuskom-2\/","og_site_name":"Galerija Matice srpske","og_image":[{"width":1200,"height":971,"url":"https:\/\/www.galerijamaticesrpske.rs\/wp-content\/uploads\/2024\/11\/predrag-pedja-milosavljevic-krovovi-1952.jpg","type":"image\/jpeg"}],"twitter_card":"summary_large_image","twitter_misc":{"Est. reading time":"1 minute"},"schema":{"@context":"https:\/\/schema.org","@graph":[{"@type":"WebPage","@id":"https:\/\/www.galerijamaticesrpske.rs\/lat\/events\/mesec-frankofonije-inspirisani-francuskom-2\/","url":"https:\/\/www.galerijamaticesrpske.rs\/lat\/events\/mesec-frankofonije-inspirisani-francuskom-2\/","name":"Mesec frankofonije \u2013 Inspirisani Francuskom | Galerija Matice srpske","isPartOf":{"@id":"https:\/\/www.galerijamaticesrpske.rs\/#website"},"primaryImageOfPage":{"@id":"https:\/\/www.galerijamaticesrpske.rs\/lat\/events\/mesec-frankofonije-inspirisani-francuskom-2\/#primaryimage"},"image":{"@id":"https:\/\/www.galerijamaticesrpske.rs\/lat\/events\/mesec-frankofonije-inspirisani-francuskom-2\/#primaryimage"},"thumbnailUrl":"https:\/\/www.galerijamaticesrpske.rs\/wp-content\/uploads\/2024\/11\/predrag-pedja-milosavljevic-krovovi-1952.jpg","datePublished":"2025-03-11T14:34:05+00:00","description":"Francuska prestonica umetnosti, Pariz, bio je nezaobilazni topos slikarskog sazrevanja srpskih umetnika.","breadcrumb":{"@id":"https:\/\/www.galerijamaticesrpske.rs\/lat\/events\/mesec-frankofonije-inspirisani-francuskom-2\/#breadcrumb"},"inLanguage":"sr-LAT","potentialAction":[{"@type":"ReadAction","target":["https:\/\/www.galerijamaticesrpske.rs\/lat\/events\/mesec-frankofonije-inspirisani-francuskom-2\/"]}]},{"@type":"ImageObject","inLanguage":"sr-LAT","@id":"https:\/\/www.galerijamaticesrpske.rs\/lat\/events\/mesec-frankofonije-inspirisani-francuskom-2\/#primaryimage","url":"https:\/\/www.galerijamaticesrpske.rs\/wp-content\/uploads\/2024\/11\/predrag-pedja-milosavljevic-krovovi-1952.jpg","contentUrl":"https:\/\/www.galerijamaticesrpske.rs\/wp-content\/uploads\/2024\/11\/predrag-pedja-milosavljevic-krovovi-1952.jpg","width":1200,"height":971,"caption":"Predrag-Pedja-Milosavljevic-Krovovi-1952"},{"@type":"BreadcrumbList","@id":"https:\/\/www.galerijamaticesrpske.rs\/lat\/events\/mesec-frankofonije-inspirisani-francuskom-2\/#breadcrumb","itemListElement":[{"@type":"ListItem","position":1,"name":"\u041f\u043e\u0447\u0435\u0442\u043d\u0430","item":"http:\/\/www.galerijamaticesrpske.rs\/lat\/"},{"@type":"ListItem","position":2,"name":"Events","item":"http:\/\/www.galerijamaticesrpske.rs\/lat\/events\/"},{"@type":"ListItem","position":3,"name":"Mesec frankofonije \u2013 Inspirisani Francuskom"}]},{"@type":"WebSite","@id":"https:\/\/www.galerijamaticesrpske.rs\/#website","url":"https:\/\/www.galerijamaticesrpske.rs\/","name":"Galerija Matice srpske","description":"Muzej srpske nacionalne umetnosti u Novom Sadu","publisher":{"@id":"https:\/\/www.galerijamaticesrpske.rs\/#organization"},"potentialAction":[{"@type":"SearchAction","target":{"@type":"EntryPoint","urlTemplate":"https:\/\/www.galerijamaticesrpske.rs\/?s={search_term_string}"},"query-input":{"@type":"PropertyValueSpecification","valueRequired":true,"valueName":"search_term_string"}}],"inLanguage":"sr-LAT"},{"@type":"Organization","@id":"https:\/\/www.galerijamaticesrpske.rs\/#organization","name":"Galerija Matice srpske","url":"https:\/\/www.galerijamaticesrpske.rs\/","logo":{"@type":"ImageObject","inLanguage":"sr-LAT","@id":"https:\/\/www.galerijamaticesrpske.rs\/#\/schema\/logo\/image\/","url":"https:\/\/www.galerijamaticesrpske.rs\/wp-content\/uploads\/2021\/01\/gms-logo-za-sajt.svg","contentUrl":"https:\/\/www.galerijamaticesrpske.rs\/wp-content\/uploads\/2021\/01\/gms-logo-za-sajt.svg","width":1,"height":1,"caption":"Galerija Matice srpske"},"image":{"@id":"https:\/\/www.galerijamaticesrpske.rs\/#\/schema\/logo\/image\/"}}]}},"_links":{"self":[{"href":"https:\/\/www.galerijamaticesrpske.rs\/lat\/wp-json\/wp\/v2\/mec-events\/14504","targetHints":{"allow":["GET"]}}],"collection":[{"href":"https:\/\/www.galerijamaticesrpske.rs\/lat\/wp-json\/wp\/v2\/mec-events"}],"about":[{"href":"https:\/\/www.galerijamaticesrpske.rs\/lat\/wp-json\/wp\/v2\/types\/mec-events"}],"author":[{"embeddable":true,"href":"https:\/\/www.galerijamaticesrpske.rs\/lat\/wp-json\/wp\/v2\/users\/2"}],"replies":[{"embeddable":true,"href":"https:\/\/www.galerijamaticesrpske.rs\/lat\/wp-json\/wp\/v2\/comments?post=14504"}],"wp:featuredmedia":[{"embeddable":true,"href":"https:\/\/www.galerijamaticesrpske.rs\/lat\/wp-json\/wp\/v2\/media\/13532"}],"wp:attachment":[{"href":"https:\/\/www.galerijamaticesrpske.rs\/lat\/wp-json\/wp\/v2\/media?parent=14504"}],"wp:term":[{"taxonomy":"post_tag","embeddable":true,"href":"https:\/\/www.galerijamaticesrpske.rs\/lat\/wp-json\/wp\/v2\/tags?post=14504"},{"taxonomy":"mec_category","embeddable":true,"href":"https:\/\/www.galerijamaticesrpske.rs\/lat\/wp-json\/wp\/v2\/mec_category?post=14504"}],"curies":[{"name":"wp","href":"https:\/\/api.w.org\/{rel}","templated":true}]}}

<p>Francuska prestonica umetnosti, Pariz, bio je nezaobilazni topos slikarskog sazrevanja srpskih umetnika. U njemu su boravili kraće ili duže, školovali se, obilazili izložbe, družili se i stvarali kako u međuratnom tako i u posleratnom periodu. Prizori francuskih pejzaža, zabave, dokolice, javnih i privatnih prostora ogledalo su njihove pariske svakodnevice. Platna umetnika poput LJubice Cuce Sokić, Bogdana Šuputa, Save Šumanovića, Milana Konjovića i Peđe Milosavljevića, stoje kao trajna svedočanstva načina na koji su ovi „pariski gosti“ doživeli prestonicu umetnosti.</p>
<p><strong>Vođenje će biti na francuskom jeziku.</strong></p>
<p>Vodi: <strong>Simon Šonbrot</strong>, rukovodilac ogranka Francuskog instituta u Novom Sadu</p>

<p>Francuska prestonica umetnosti, Pariz, bio je nezaobilazni topos slikarskog sazrevanja srpskih umetnika. U njemu su boravili kraće ili duže, školovali se, obilazili izložbe, družili se i stvarali kako u međuratnom tako i u posleratnom periodu. Prizori francuskih pejzaža, zabave, dokolice, javnih i privatnih prostora ogledalo su njihove pariske svakodnevice. Platna umetnika poput LJubice Cuce Sokić,</p>

<!-- This site is optimized with the Yoast SEO plugin v27.3 - https://yoast.com/product/yoast-seo-wordpress/ -->
<title>Mesec frankofonije – Inspirisani Francuskom | Galerija Matice srpske</title>
<meta name="description" content="Francuska prestonica umetnosti, Pariz, bio je nezaobilazni topos slikarskog sazrevanja srpskih umetnika." />
<meta name="robots" content="index, follow, max-snippet:-1, max-image-preview:large, max-video-preview:-1" />
<link rel="canonical" href="https://www.galerijamaticesrpske.rs/lat/events/mesec-frankofonije-inspirisani-francuskom-2/" />
<meta property="og:locale" content="en_US" />
<meta property="og:type" content="article" />
<meta property="og:title" content="Mesec frankofonije – Inspirisani Francuskom | Galerija Matice srpske" />
<meta property="og:description" content="Francuska prestonica umetnosti, Pariz, bio je nezaobilazni topos slikarskog sazrevanja srpskih umetnika." />
<meta property="og:url" content="https://www.galerijamaticesrpske.rs/lat/events/mesec-frankofonije-inspirisani-francuskom-2/" />
<meta property="og:site_name" content="Galerija Matice srpske" />
<meta property="og:image" content="https://www.galerijamaticesrpske.rs/wp-content/uploads/2024/11/predrag-pedja-milosavljevic-krovovi-1952.jpg" />
	<meta property="og:image:width" content="1200" />
	<meta property="og:image:height" content="971" />
	<meta property="og:image:type" content="image/jpeg" />
<meta name="twitter:card" content="summary_large_image" />
<meta name="twitter:label1" content="Est. reading time" />
	<meta name="twitter:data1" content="1 minute" />
<script type="application/ld+json" class="yoast-schema-graph">{"@context":"https:\/\/schema.org","@graph":[{"@type":"WebPage","@id":"https:\/\/www.galerijamaticesrpske.rs\/lat\/events\/mesec-frankofonije-inspirisani-francuskom-2\/","url":"https:\/\/www.galerijamaticesrpske.rs\/lat\/events\/mesec-frankofonije-inspirisani-francuskom-2\/","name":"Mesec frankofonije – Inspirisani Francuskom | Galerija Matice srpske","isPartOf":{"@id":"https:\/\/www.galerijamaticesrpske.rs\/#website"},"primaryImageOfPage":{"@id":"https:\/\/www.galerijamaticesrpske.rs\/lat\/events\/mesec-frankofonije-inspirisani-francuskom-2\/#primaryimage"},"image":{"@id":"https:\/\/www.galerijamaticesrpske.rs\/lat\/events\/mesec-frankofonije-inspirisani-francuskom-2\/#primaryimage"},"thumbnailUrl":"https:\/\/www.galerijamaticesrpske.rs\/wp-content\/uploads\/2024\/11\/predrag-pedja-milosavljevic-krovovi-1952.jpg","datePublished":"2025-03-11T14:34:05+00:00","description":"Francuska prestonica umetnosti, Pariz, bio je nezaobilazni topos slikarskog sazrevanja srpskih umetnika.","breadcrumb":{"@id":"https:\/\/www.galerijamaticesrpske.rs\/lat\/events\/mesec-frankofonije-inspirisani-francuskom-2\/#breadcrumb"},"inLanguage":"sr-LAT","potentialAction":[{"@type":"ReadAction","target":["https:\/\/www.galerijamaticesrpske.rs\/lat\/events\/mesec-frankofonije-inspirisani-francuskom-2\/"]}]},{"@type":"ImageObject","inLanguage":"sr-LAT","@id":"https:\/\/www.galerijamaticesrpske.rs\/lat\/events\/mesec-frankofonije-inspirisani-francuskom-2\/#primaryimage","url":"https:\/\/www.galerijamaticesrpske.rs\/wp-content\/uploads\/2024\/11\/predrag-pedja-milosavljevic-krovovi-1952.jpg","contentUrl":"https:\/\/www.galerijamaticesrpske.rs\/wp-content\/uploads\/2024\/11\/predrag-pedja-milosavljevic-krovovi-1952.jpg","width":1200,"height":971,"caption":"Predrag-Pedja-Milosavljevic-Krovovi-1952"},{"@type":"BreadcrumbList","@id":"https:\/\/www.galerijamaticesrpske.rs\/lat\/events\/mesec-frankofonije-inspirisani-francuskom-2\/#breadcrumb","itemListElement":[{"@type":"ListItem","position":1,"name":"Почетна","item":"http:\/\/www.galerijamaticesrpske.rs\/lat\/"},{"@type":"ListItem","position":2,"name":"Events","item":"http:\/\/www.galerijamaticesrpske.rs\/lat\/events\/"},{"@type":"ListItem","position":3,"name":"Mesec frankofonije – Inspirisani Francuskom"}]},{"@type":"WebSite","@id":"https:\/\/www.galerijamaticesrpske.rs\/#website","url":"https:\/\/www.galerijamaticesrpske.rs\/","name":"Galerija Matice srpske","description":"Muzej srpske nacionalne umetnosti u Novom Sadu","publisher":{"@id":"https:\/\/www.galerijamaticesrpske.rs\/#organization"},"potentialAction":[{"@type":"SearchAction","target":{"@type":"EntryPoint","urlTemplate":"https:\/\/www.galerijamaticesrpske.rs\/?s={search_term_string}"},"query-input":{"@type":"PropertyValueSpecification","valueRequired":true,"valueName":"search_term_string"}}],"inLanguage":"sr-LAT"},{"@type":"Organization","@id":"https:\/\/www.galerijamaticesrpske.rs\/#organization","name":"Galerija Matice srpske","url":"https:\/\/www.galerijamaticesrpske.rs\/","logo":{"@type":"ImageObject","inLanguage":"sr-LAT","@id":"https:\/\/www.galerijamaticesrpske.rs\/#\/schema\/logo\/image\/","url":"https:\/\/www.galerijamaticesrpske.rs\/wp-content\/uploads\/2021\/01\/gms-logo-za-sajt.svg","contentUrl":"https:\/\/www.galerijamaticesrpske.rs\/wp-content\/uploads\/2021\/01\/gms-logo-za-sajt.svg","width":1,"height":1,"caption":"Galerija Matice srpske"},"image":{"@id":"https:\/\/www.galerijamaticesrpske.rs\/#\/schema\/logo\/image\/"}}]}</script>
<!-- / Yoast SEO plugin. -->

Почетна
