{"id":15825,"date":"2025-11-07T13:24:56","date_gmt":"2025-11-07T13:24:56","guid":{"rendered":"https:\/\/www.galerijamaticesrpske.rs\/?post_type=mec-events&#038;p=15825"},"modified":"2025-11-07T13:24:56","modified_gmt":"2025-11-07T13:24:56","slug":"koncert-za-decu-dobro-drvo-2","status":"publish","type":"mec-events","link":"https:\/\/www.galerijamaticesrpske.rs\/lat\/events\/koncert-za-decu-dobro-drvo-2\/","title":{"rendered":"Koncert za decu \u201eDobro drvo\u201c"},"content":{"rendered":"<p><em>Bilo jednom jedno drvo, puno ljubavi za jednog malog de\u010daka.<\/em><\/p>\n<p>Draga deco i dragi roditelji,<\/p>\n<p>Ukoliko jo\u0161 uvek niste imali priliku da prisustvujete koncertima za decu<em> Dobro drvo<\/em> i <strong>zajedno u\u017eivate u kratkom muzi\u010dko-scenskom spektaklu<\/strong> namenjenom <strong>porodicama sa decom uzrasta od 3 do 10 godina<\/strong>, pozivamo vas da nam se pridru\u017eite poslednje subote u novembru.<\/p>\n<p>Program se sastoji od koncerta pa\u017eljivo odabranih <strong>kompozicija klasi\u010dne muzike za decu<\/strong>, koje \u0107e svirati guda\u010dki kvartet Tajj. Koncert prati <strong>gluma\u010dka interpretacija pri\u010de za decu <em>Dobro drvo<\/em><\/strong> u izvedbi glumca Milovana Filipovi\u0107a. Muzi\u010dko-scenski program upotpunjavaju <strong>ilustracije prikazane na ekranu<\/strong>.<\/p>\n<p>Popunite upitnik na linku kako biste se prijavili za koncert.<\/p>\n<p>Link za prijavu za koncert u 11.00 sati: https:\/\/forms.gle\/aEb5ZFdjWHcFVHNs7<\/p>\n<p>Link za prijavu za koncert u 12.00 sati: https:\/\/forms.gle\/UueapS33DChb1MbQ9<\/p>\n<p>Za vi\u0161e informacija o programu i prijavama mo\u017eete pozvati broj telefona 0214899017\/18 ili poslati mejl na adresu decjiprogrami@galerijamaticesrpske.rs.<\/p>\n","protected":false},"excerpt":{"rendered":"<p>Bilo jednom jedno drvo, puno ljubavi za jednog malog de\u010daka. Draga deco i dragi roditelji, Ukoliko jo\u0161 uvek niste imali priliku da prisustvujete koncertima za decu Dobro drvo i zajedno u\u017eivate u kratkom muzi\u010dko-scenskom spektaklu namenjenom porodicama sa decom uzrasta od 3 do 10 godina, pozivamo vas da nam se pridru\u017eite poslednje subote u novembru.<\/p>\n","protected":false},"author":2,"featured_media":15824,"comment_status":"closed","ping_status":"closed","template":"","tags":[],"mec_category":[103],"class_list":["post-15825","mec-events","type-mec-events","status-publish","has-post-thumbnail","hentry","mec_category-koncerti"],"acf":[],"yoast_head":"<!-- This site is optimized with the Yoast SEO plugin v27.3 - https:\/\/yoast.com\/product\/yoast-seo-wordpress\/ -->\n<title>Koncert za decu \u201eDobro drvo\u201c | Galerija Matice srpske<\/title>\n<meta name=\"description\" content=\"Bilo jednom jedno drvo, puno ljubavi za jednog malog de\u010daka.\" \/>\n<meta name=\"robots\" content=\"index, follow, max-snippet:-1, max-image-preview:large, max-video-preview:-1\" \/>\n<link rel=\"canonical\" href=\"https:\/\/www.galerijamaticesrpske.rs\/lat\/events\/koncert-za-decu-dobro-drvo-2\/\" \/>\n<meta property=\"og:locale\" content=\"en_US\" \/>\n<meta property=\"og:type\" content=\"article\" \/>\n<meta property=\"og:title\" content=\"Koncert za decu \u201eDobro drvo\u201c | Galerija Matice srpske\" \/>\n<meta property=\"og:description\" content=\"Bilo jednom jedno drvo, puno ljubavi za jednog malog de\u010daka.\" \/>\n<meta property=\"og:url\" content=\"https:\/\/www.galerijamaticesrpske.rs\/lat\/events\/koncert-za-decu-dobro-drvo-2\/\" \/>\n<meta property=\"og:site_name\" content=\"Galerija Matice srpske\" \/>\n<meta property=\"og:image\" content=\"https:\/\/www.galerijamaticesrpske.rs\/wp-content\/uploads\/2025\/11\/baner-novembar-scaled.jpg\" \/>\n\t<meta property=\"og:image:width\" content=\"2560\" \/>\n\t<meta property=\"og:image:height\" content=\"974\" \/>\n\t<meta property=\"og:image:type\" content=\"image\/jpeg\" \/>\n<meta name=\"twitter:card\" content=\"summary_large_image\" \/>\n<meta name=\"twitter:label1\" content=\"Est. reading time\" \/>\n\t<meta name=\"twitter:data1\" content=\"1 minute\" \/>\n<script type=\"application\/ld+json\" class=\"yoast-schema-graph\">{\"@context\":\"https:\\\/\\\/schema.org\",\"@graph\":[{\"@type\":\"WebPage\",\"@id\":\"https:\\\/\\\/www.galerijamaticesrpske.rs\\\/lat\\\/events\\\/koncert-za-decu-dobro-drvo-2\\\/\",\"url\":\"https:\\\/\\\/www.galerijamaticesrpske.rs\\\/lat\\\/events\\\/koncert-za-decu-dobro-drvo-2\\\/\",\"name\":\"Koncert za decu \u201eDobro drvo\u201c | Galerija Matice srpske\",\"isPartOf\":{\"@id\":\"https:\\\/\\\/www.galerijamaticesrpske.rs\\\/#website\"},\"primaryImageOfPage\":{\"@id\":\"https:\\\/\\\/www.galerijamaticesrpske.rs\\\/lat\\\/events\\\/koncert-za-decu-dobro-drvo-2\\\/#primaryimage\"},\"image\":{\"@id\":\"https:\\\/\\\/www.galerijamaticesrpske.rs\\\/lat\\\/events\\\/koncert-za-decu-dobro-drvo-2\\\/#primaryimage\"},\"thumbnailUrl\":\"https:\\\/\\\/www.galerijamaticesrpske.rs\\\/wp-content\\\/uploads\\\/2025\\\/11\\\/baner-novembar-scaled.jpg\",\"datePublished\":\"2025-11-07T13:24:56+00:00\",\"description\":\"Bilo jednom jedno drvo, puno ljubavi za jednog malog de\u010daka.\",\"breadcrumb\":{\"@id\":\"https:\\\/\\\/www.galerijamaticesrpske.rs\\\/lat\\\/events\\\/koncert-za-decu-dobro-drvo-2\\\/#breadcrumb\"},\"inLanguage\":\"sr-LAT\",\"potentialAction\":[{\"@type\":\"ReadAction\",\"target\":[\"https:\\\/\\\/www.galerijamaticesrpske.rs\\\/lat\\\/events\\\/koncert-za-decu-dobro-drvo-2\\\/\"]}]},{\"@type\":\"ImageObject\",\"inLanguage\":\"sr-LAT\",\"@id\":\"https:\\\/\\\/www.galerijamaticesrpske.rs\\\/lat\\\/events\\\/koncert-za-decu-dobro-drvo-2\\\/#primaryimage\",\"url\":\"https:\\\/\\\/www.galerijamaticesrpske.rs\\\/wp-content\\\/uploads\\\/2025\\\/11\\\/baner-novembar-scaled.jpg\",\"contentUrl\":\"https:\\\/\\\/www.galerijamaticesrpske.rs\\\/wp-content\\\/uploads\\\/2025\\\/11\\\/baner-novembar-scaled.jpg\",\"width\":2560,\"height\":974},{\"@type\":\"BreadcrumbList\",\"@id\":\"https:\\\/\\\/www.galerijamaticesrpske.rs\\\/lat\\\/events\\\/koncert-za-decu-dobro-drvo-2\\\/#breadcrumb\",\"itemListElement\":[{\"@type\":\"ListItem\",\"position\":1,\"name\":\"\u041f\u043e\u0447\u0435\u0442\u043d\u0430\",\"item\":\"http:\\\/\\\/www.galerijamaticesrpske.rs\\\/lat\\\/\"},{\"@type\":\"ListItem\",\"position\":2,\"name\":\"Events\",\"item\":\"http:\\\/\\\/www.galerijamaticesrpske.rs\\\/lat\\\/events\\\/\"},{\"@type\":\"ListItem\",\"position\":3,\"name\":\"Koncert za decu \u201eDobro drvo\u201c\"}]},{\"@type\":\"WebSite\",\"@id\":\"https:\\\/\\\/www.galerijamaticesrpske.rs\\\/#website\",\"url\":\"https:\\\/\\\/www.galerijamaticesrpske.rs\\\/\",\"name\":\"Galerija Matice srpske\",\"description\":\"Muzej srpske nacionalne umetnosti u Novom Sadu\",\"publisher\":{\"@id\":\"https:\\\/\\\/www.galerijamaticesrpske.rs\\\/#organization\"},\"potentialAction\":[{\"@type\":\"SearchAction\",\"target\":{\"@type\":\"EntryPoint\",\"urlTemplate\":\"https:\\\/\\\/www.galerijamaticesrpske.rs\\\/?s={search_term_string}\"},\"query-input\":{\"@type\":\"PropertyValueSpecification\",\"valueRequired\":true,\"valueName\":\"search_term_string\"}}],\"inLanguage\":\"sr-LAT\"},{\"@type\":\"Organization\",\"@id\":\"https:\\\/\\\/www.galerijamaticesrpske.rs\\\/#organization\",\"name\":\"Galerija Matice srpske\",\"url\":\"https:\\\/\\\/www.galerijamaticesrpske.rs\\\/\",\"logo\":{\"@type\":\"ImageObject\",\"inLanguage\":\"sr-LAT\",\"@id\":\"https:\\\/\\\/www.galerijamaticesrpske.rs\\\/#\\\/schema\\\/logo\\\/image\\\/\",\"url\":\"https:\\\/\\\/www.galerijamaticesrpske.rs\\\/wp-content\\\/uploads\\\/2021\\\/01\\\/gms-logo-za-sajt.svg\",\"contentUrl\":\"https:\\\/\\\/www.galerijamaticesrpske.rs\\\/wp-content\\\/uploads\\\/2021\\\/01\\\/gms-logo-za-sajt.svg\",\"width\":1,\"height\":1,\"caption\":\"Galerija Matice srpske\"},\"image\":{\"@id\":\"https:\\\/\\\/www.galerijamaticesrpske.rs\\\/#\\\/schema\\\/logo\\\/image\\\/\"}}]}<\/script>\n<!-- \/ Yoast SEO plugin. -->","yoast_head_json":{"title":"Koncert za decu \u201eDobro drvo\u201c | Galerija Matice srpske","description":"Bilo jednom jedno drvo, puno ljubavi za jednog malog de\u010daka.","robots":{"index":"index","follow":"follow","max-snippet":"max-snippet:-1","max-image-preview":"max-image-preview:large","max-video-preview":"max-video-preview:-1"},"canonical":"https:\/\/www.galerijamaticesrpske.rs\/lat\/events\/koncert-za-decu-dobro-drvo-2\/","og_locale":"en_US","og_type":"article","og_title":"Koncert za decu \u201eDobro drvo\u201c | Galerija Matice srpske","og_description":"Bilo jednom jedno drvo, puno ljubavi za jednog malog de\u010daka.","og_url":"https:\/\/www.galerijamaticesrpske.rs\/lat\/events\/koncert-za-decu-dobro-drvo-2\/","og_site_name":"Galerija Matice srpske","og_image":[{"width":2560,"height":974,"url":"https:\/\/www.galerijamaticesrpske.rs\/wp-content\/uploads\/2025\/11\/baner-novembar-scaled.jpg","type":"image\/jpeg"}],"twitter_card":"summary_large_image","twitter_misc":{"Est. reading time":"1 minute"},"schema":{"@context":"https:\/\/schema.org","@graph":[{"@type":"WebPage","@id":"https:\/\/www.galerijamaticesrpske.rs\/lat\/events\/koncert-za-decu-dobro-drvo-2\/","url":"https:\/\/www.galerijamaticesrpske.rs\/lat\/events\/koncert-za-decu-dobro-drvo-2\/","name":"Koncert za decu \u201eDobro drvo\u201c | Galerija Matice srpske","isPartOf":{"@id":"https:\/\/www.galerijamaticesrpske.rs\/#website"},"primaryImageOfPage":{"@id":"https:\/\/www.galerijamaticesrpske.rs\/lat\/events\/koncert-za-decu-dobro-drvo-2\/#primaryimage"},"image":{"@id":"https:\/\/www.galerijamaticesrpske.rs\/lat\/events\/koncert-za-decu-dobro-drvo-2\/#primaryimage"},"thumbnailUrl":"https:\/\/www.galerijamaticesrpske.rs\/wp-content\/uploads\/2025\/11\/baner-novembar-scaled.jpg","datePublished":"2025-11-07T13:24:56+00:00","description":"Bilo jednom jedno drvo, puno ljubavi za jednog malog de\u010daka.","breadcrumb":{"@id":"https:\/\/www.galerijamaticesrpske.rs\/lat\/events\/koncert-za-decu-dobro-drvo-2\/#breadcrumb"},"inLanguage":"sr-LAT","potentialAction":[{"@type":"ReadAction","target":["https:\/\/www.galerijamaticesrpske.rs\/lat\/events\/koncert-za-decu-dobro-drvo-2\/"]}]},{"@type":"ImageObject","inLanguage":"sr-LAT","@id":"https:\/\/www.galerijamaticesrpske.rs\/lat\/events\/koncert-za-decu-dobro-drvo-2\/#primaryimage","url":"https:\/\/www.galerijamaticesrpske.rs\/wp-content\/uploads\/2025\/11\/baner-novembar-scaled.jpg","contentUrl":"https:\/\/www.galerijamaticesrpske.rs\/wp-content\/uploads\/2025\/11\/baner-novembar-scaled.jpg","width":2560,"height":974},{"@type":"BreadcrumbList","@id":"https:\/\/www.galerijamaticesrpske.rs\/lat\/events\/koncert-za-decu-dobro-drvo-2\/#breadcrumb","itemListElement":[{"@type":"ListItem","position":1,"name":"\u041f\u043e\u0447\u0435\u0442\u043d\u0430","item":"http:\/\/www.galerijamaticesrpske.rs\/lat\/"},{"@type":"ListItem","position":2,"name":"Events","item":"http:\/\/www.galerijamaticesrpske.rs\/lat\/events\/"},{"@type":"ListItem","position":3,"name":"Koncert za decu \u201eDobro drvo\u201c"}]},{"@type":"WebSite","@id":"https:\/\/www.galerijamaticesrpske.rs\/#website","url":"https:\/\/www.galerijamaticesrpske.rs\/","name":"Galerija Matice srpske","description":"Muzej srpske nacionalne umetnosti u Novom Sadu","publisher":{"@id":"https:\/\/www.galerijamaticesrpske.rs\/#organization"},"potentialAction":[{"@type":"SearchAction","target":{"@type":"EntryPoint","urlTemplate":"https:\/\/www.galerijamaticesrpske.rs\/?s={search_term_string}"},"query-input":{"@type":"PropertyValueSpecification","valueRequired":true,"valueName":"search_term_string"}}],"inLanguage":"sr-LAT"},{"@type":"Organization","@id":"https:\/\/www.galerijamaticesrpske.rs\/#organization","name":"Galerija Matice srpske","url":"https:\/\/www.galerijamaticesrpske.rs\/","logo":{"@type":"ImageObject","inLanguage":"sr-LAT","@id":"https:\/\/www.galerijamaticesrpske.rs\/#\/schema\/logo\/image\/","url":"https:\/\/www.galerijamaticesrpske.rs\/wp-content\/uploads\/2021\/01\/gms-logo-za-sajt.svg","contentUrl":"https:\/\/www.galerijamaticesrpske.rs\/wp-content\/uploads\/2021\/01\/gms-logo-za-sajt.svg","width":1,"height":1,"caption":"Galerija Matice srpske"},"image":{"@id":"https:\/\/www.galerijamaticesrpske.rs\/#\/schema\/logo\/image\/"}}]}},"_links":{"self":[{"href":"https:\/\/www.galerijamaticesrpske.rs\/lat\/wp-json\/wp\/v2\/mec-events\/15825","targetHints":{"allow":["GET"]}}],"collection":[{"href":"https:\/\/www.galerijamaticesrpske.rs\/lat\/wp-json\/wp\/v2\/mec-events"}],"about":[{"href":"https:\/\/www.galerijamaticesrpske.rs\/lat\/wp-json\/wp\/v2\/types\/mec-events"}],"author":[{"embeddable":true,"href":"https:\/\/www.galerijamaticesrpske.rs\/lat\/wp-json\/wp\/v2\/users\/2"}],"replies":[{"embeddable":true,"href":"https:\/\/www.galerijamaticesrpske.rs\/lat\/wp-json\/wp\/v2\/comments?post=15825"}],"wp:featuredmedia":[{"embeddable":true,"href":"https:\/\/www.galerijamaticesrpske.rs\/lat\/wp-json\/wp\/v2\/media\/15824"}],"wp:attachment":[{"href":"https:\/\/www.galerijamaticesrpske.rs\/lat\/wp-json\/wp\/v2\/media?parent=15825"}],"wp:term":[{"taxonomy":"post_tag","embeddable":true,"href":"https:\/\/www.galerijamaticesrpske.rs\/lat\/wp-json\/wp\/v2\/tags?post=15825"},{"taxonomy":"mec_category","embeddable":true,"href":"https:\/\/www.galerijamaticesrpske.rs\/lat\/wp-json\/wp\/v2\/mec_category?post=15825"}],"curies":[{"name":"wp","href":"https:\/\/api.w.org\/{rel}","templated":true}]}}

<p><em>Bilo jednom jedno drvo, puno ljubavi za jednog malog dečaka.</em></p>
<p>Draga deco i dragi roditelji,</p>
<p>Ukoliko još uvek niste imali priliku da prisustvujete koncertima za decu<em> Dobro drvo</em> i <strong>zajedno uživate u kratkom muzičko-scenskom spektaklu</strong> namenjenom <strong>porodicama sa decom uzrasta od 3 do 10 godina</strong>, pozivamo vas da nam se pridružite poslednje subote u novembru.</p>
<p>Program se sastoji od koncerta pažljivo odabranih <strong>kompozicija klasične muzike za decu</strong>, koje će svirati gudački kvartet Tajj. Koncert prati <strong>glumačka interpretacija priče za decu <em>Dobro drvo</em></strong> u izvedbi glumca Milovana Filipovića. Muzičko-scenski program upotpunjavaju <strong>ilustracije prikazane na ekranu</strong>.</p>
<p>Popunite upitnik na linku kako biste se prijavili za koncert.</p>
<p>Link za prijavu za koncert u 11.00 sati: https://forms.gle/aEb5ZFdjWHcFVHNs7</p>
<p>Link za prijavu za koncert u 12.00 sati: https://forms.gle/UueapS33DChb1MbQ9</p>
<p>Za više informacija o programu i prijavama možete pozvati broj telefona 0214899017/18 ili poslati mejl na adresu decjiprogrami@galerijamaticesrpske.rs.</p>

<p>Bilo jednom jedno drvo, puno ljubavi za jednog malog dečaka. Draga deco i dragi roditelji, Ukoliko još uvek niste imali priliku da prisustvujete koncertima za decu Dobro drvo i zajedno uživate u kratkom muzičko-scenskom spektaklu namenjenom porodicama sa decom uzrasta od 3 do 10 godina, pozivamo vas da nam se pridružite poslednje subote u novembru.</p>

<!-- This site is optimized with the Yoast SEO plugin v27.3 - https://yoast.com/product/yoast-seo-wordpress/ -->
<title>Koncert za decu „Dobro drvo“ | Galerija Matice srpske</title>
<meta name="description" content="Bilo jednom jedno drvo, puno ljubavi za jednog malog dečaka." />
<meta name="robots" content="index, follow, max-snippet:-1, max-image-preview:large, max-video-preview:-1" />
<link rel="canonical" href="https://www.galerijamaticesrpske.rs/lat/events/koncert-za-decu-dobro-drvo-2/" />
<meta property="og:locale" content="en_US" />
<meta property="og:type" content="article" />
<meta property="og:title" content="Koncert za decu „Dobro drvo“ | Galerija Matice srpske" />
<meta property="og:description" content="Bilo jednom jedno drvo, puno ljubavi za jednog malog dečaka." />
<meta property="og:url" content="https://www.galerijamaticesrpske.rs/lat/events/koncert-za-decu-dobro-drvo-2/" />
<meta property="og:site_name" content="Galerija Matice srpske" />
<meta property="og:image" content="https://www.galerijamaticesrpske.rs/wp-content/uploads/2025/11/baner-novembar-scaled.jpg" />
	<meta property="og:image:width" content="2560" />
	<meta property="og:image:height" content="974" />
	<meta property="og:image:type" content="image/jpeg" />
<meta name="twitter:card" content="summary_large_image" />
<meta name="twitter:label1" content="Est. reading time" />
	<meta name="twitter:data1" content="1 minute" />
<script type="application/ld+json" class="yoast-schema-graph">{"@context":"https:\/\/schema.org","@graph":[{"@type":"WebPage","@id":"https:\/\/www.galerijamaticesrpske.rs\/lat\/events\/koncert-za-decu-dobro-drvo-2\/","url":"https:\/\/www.galerijamaticesrpske.rs\/lat\/events\/koncert-za-decu-dobro-drvo-2\/","name":"Koncert za decu „Dobro drvo“ | Galerija Matice srpske","isPartOf":{"@id":"https:\/\/www.galerijamaticesrpske.rs\/#website"},"primaryImageOfPage":{"@id":"https:\/\/www.galerijamaticesrpske.rs\/lat\/events\/koncert-za-decu-dobro-drvo-2\/#primaryimage"},"image":{"@id":"https:\/\/www.galerijamaticesrpske.rs\/lat\/events\/koncert-za-decu-dobro-drvo-2\/#primaryimage"},"thumbnailUrl":"https:\/\/www.galerijamaticesrpske.rs\/wp-content\/uploads\/2025\/11\/baner-novembar-scaled.jpg","datePublished":"2025-11-07T13:24:56+00:00","description":"Bilo jednom jedno drvo, puno ljubavi za jednog malog dečaka.","breadcrumb":{"@id":"https:\/\/www.galerijamaticesrpske.rs\/lat\/events\/koncert-za-decu-dobro-drvo-2\/#breadcrumb"},"inLanguage":"sr-LAT","potentialAction":[{"@type":"ReadAction","target":["https:\/\/www.galerijamaticesrpske.rs\/lat\/events\/koncert-za-decu-dobro-drvo-2\/"]}]},{"@type":"ImageObject","inLanguage":"sr-LAT","@id":"https:\/\/www.galerijamaticesrpske.rs\/lat\/events\/koncert-za-decu-dobro-drvo-2\/#primaryimage","url":"https:\/\/www.galerijamaticesrpske.rs\/wp-content\/uploads\/2025\/11\/baner-novembar-scaled.jpg","contentUrl":"https:\/\/www.galerijamaticesrpske.rs\/wp-content\/uploads\/2025\/11\/baner-novembar-scaled.jpg","width":2560,"height":974},{"@type":"BreadcrumbList","@id":"https:\/\/www.galerijamaticesrpske.rs\/lat\/events\/koncert-za-decu-dobro-drvo-2\/#breadcrumb","itemListElement":[{"@type":"ListItem","position":1,"name":"Почетна","item":"http:\/\/www.galerijamaticesrpske.rs\/lat\/"},{"@type":"ListItem","position":2,"name":"Events","item":"http:\/\/www.galerijamaticesrpske.rs\/lat\/events\/"},{"@type":"ListItem","position":3,"name":"Koncert za decu „Dobro drvo“"}]},{"@type":"WebSite","@id":"https:\/\/www.galerijamaticesrpske.rs\/#website","url":"https:\/\/www.galerijamaticesrpske.rs\/","name":"Galerija Matice srpske","description":"Muzej srpske nacionalne umetnosti u Novom Sadu","publisher":{"@id":"https:\/\/www.galerijamaticesrpske.rs\/#organization"},"potentialAction":[{"@type":"SearchAction","target":{"@type":"EntryPoint","urlTemplate":"https:\/\/www.galerijamaticesrpske.rs\/?s={search_term_string}"},"query-input":{"@type":"PropertyValueSpecification","valueRequired":true,"valueName":"search_term_string"}}],"inLanguage":"sr-LAT"},{"@type":"Organization","@id":"https:\/\/www.galerijamaticesrpske.rs\/#organization","name":"Galerija Matice srpske","url":"https:\/\/www.galerijamaticesrpske.rs\/","logo":{"@type":"ImageObject","inLanguage":"sr-LAT","@id":"https:\/\/www.galerijamaticesrpske.rs\/#\/schema\/logo\/image\/","url":"https:\/\/www.galerijamaticesrpske.rs\/wp-content\/uploads\/2021\/01\/gms-logo-za-sajt.svg","contentUrl":"https:\/\/www.galerijamaticesrpske.rs\/wp-content\/uploads\/2021\/01\/gms-logo-za-sajt.svg","width":1,"height":1,"caption":"Galerija Matice srpske"},"image":{"@id":"https:\/\/www.galerijamaticesrpske.rs\/#\/schema\/logo\/image\/"}}]}</script>
<!-- / Yoast SEO plugin. -->

Bilo jednom jedno drvo, puno ljubavi za jednog malog dečaka.

Почетна
