{"id":7890,"date":"2022-04-06T12:26:01","date_gmt":"2022-04-06T12:26:01","guid":{"rendered":"https:\/\/www.galerijamaticesrpske.rs\/?post_type=mec-events&#038;p=7890"},"modified":"2022-05-04T12:58:15","modified_gmt":"2022-05-04T12:58:15","slug":"diskusija-pogledi-ka-migracijama","status":"publish","type":"mec-events","link":"https:\/\/www.galerijamaticesrpske.rs\/lat\/events\/diskusija-pogledi-ka-migracijama\/","title":{"rendered":"Diskusija &#8220;(Po)gledi ka migracijama&#8221;"},"content":{"rendered":"\r\n\r\nPrate\u0107i program izlo\u017ebe <a href=\"https:\/\/www.galerijamaticesrpske.rs\/lat\/events\/migracije-u-umetnosti-umetnost-migracija\/\"><em>M<\/em><\/a><em>igracije u umetnosti &#8211; umetnost migracija<\/em>\r\n\r\n\r\n\r\n\r\n\r\nIzlo\u017eba <em>Migracije u umetnosti \u2013 umetnost migracija<\/em> kreirala je prostor za razgovor o fenomenu migracija u kontekstu ne samo vizuelne umetnosti, ve\u0107 i drugih humanisti\u010dkih disciplina. Kroz diskusiju prof. dr Vladimira Gvozdena i prof. dr Alekseja Ki\u0161juhasa sa Filozofskog fakulteta u Novom Sadu, publika \u0107e imati priliku da sagleda migracije kroz prizmu knji\u017eevnosti, sociologije i kulture u \u0161irem smislu.\r\n\r\n&nbsp;\r\n\r\n","protected":false},"excerpt":{"rendered":"<p>Prate\u0107i program izlo\u017ebe Migracije u umetnosti &#8211; umetnost migracija Izlo\u017eba Migracije u umetnosti \u2013 umetnost migracija kreirala je prostor za razgovor o fenomenu migracija u kontekstu ne samo vizuelne umetnosti, ve\u0107 i drugih humanisti\u010dkih disciplina. Kroz diskusiju prof. dr Vladimira Gvozdena i prof. dr Alekseja Ki\u0161juhasa sa Filozofskog fakulteta u Novom Sadu, publika \u0107e imati<\/p>\n","protected":false},"author":2,"featured_media":7889,"comment_status":"closed","ping_status":"closed","template":"","tags":[],"mec_category":[111],"class_list":["post-7890","mec-events","type-mec-events","status-publish","has-post-thumbnail","hentry","mec_category-razgovori"],"acf":[],"yoast_head":"<!-- This site is optimized with the Yoast SEO plugin v27.3 - https:\/\/yoast.com\/product\/yoast-seo-wordpress\/ -->\n<title>Diskusija &quot;(Po)gledi ka migracijama&quot; | Galerija Matice srpske<\/title>\n<meta name=\"robots\" content=\"index, follow, max-snippet:-1, max-image-preview:large, max-video-preview:-1\" \/>\n<link rel=\"canonical\" href=\"http:\/\/www.galerijamaticesrpske.rs\/lat\/events\/diskusija-pogledi-ka-migracijama\/\" \/>\n<meta property=\"og:locale\" content=\"en_US\" \/>\n<meta property=\"og:type\" content=\"article\" \/>\n<meta property=\"og:title\" content=\"Diskusija &quot;(Po)gledi ka migracijama&quot;\" \/>\n<meta property=\"og:description\" content=\"Prate\u0107i program izlo\u017ebe Migracije u umetnosti &#8211; umetnost migracija Izlo\u017eba Migracije u umetnosti \u2013 umetnost migracija kreirala je prostor za razgovor o fenomenu migracija u kontekstu ne samo vizuelne umetnosti, ve\u0107 i drugih humanisti\u010dkih disciplina. Kroz diskusiju prof. dr Vladimira Gvozdena i prof. dr Alekseja Ki\u0161juhasa sa Filozofskog fakulteta u Novom Sadu, publika \u0107e imati\" \/>\n<meta property=\"og:url\" content=\"http:\/\/www.galerijamaticesrpske.rs\/lat\/events\/diskusija-pogledi-ka-migracijama\/\" \/>\n<meta property=\"og:site_name\" content=\"Galerija Matice srpske\" \/>\n<meta property=\"article:modified_time\" content=\"2022-05-04T12:58:15+00:00\" \/>\n<meta property=\"og:image\" content=\"http:\/\/www.galerijamaticesrpske.rs\/wp-content\/uploads\/2022\/04\/10.-slajder_1920x800-copy-scaled.jpg\" \/>\n\t<meta property=\"og:image:width\" content=\"2560\" \/>\n\t<meta property=\"og:image:height\" content=\"1067\" \/>\n\t<meta property=\"og:image:type\" content=\"image\/jpeg\" \/>\n<meta name=\"twitter:card\" content=\"summary_large_image\" \/>\n<script type=\"application\/ld+json\" class=\"yoast-schema-graph\">{\"@context\":\"https:\\\/\\\/schema.org\",\"@graph\":[{\"@type\":\"WebPage\",\"@id\":\"http:\\\/\\\/www.galerijamaticesrpske.rs\\\/lat\\\/events\\\/diskusija-pogledi-ka-migracijama\\\/\",\"url\":\"http:\\\/\\\/www.galerijamaticesrpske.rs\\\/lat\\\/events\\\/diskusija-pogledi-ka-migracijama\\\/\",\"name\":\"Diskusija \\\"(Po)gledi ka migracijama\\\" | Galerija Matice srpske\",\"isPartOf\":{\"@id\":\"https:\\\/\\\/www.galerijamaticesrpske.rs\\\/#website\"},\"primaryImageOfPage\":{\"@id\":\"http:\\\/\\\/www.galerijamaticesrpske.rs\\\/lat\\\/events\\\/diskusija-pogledi-ka-migracijama\\\/#primaryimage\"},\"image\":{\"@id\":\"http:\\\/\\\/www.galerijamaticesrpske.rs\\\/lat\\\/events\\\/diskusija-pogledi-ka-migracijama\\\/#primaryimage\"},\"thumbnailUrl\":\"https:\\\/\\\/www.galerijamaticesrpske.rs\\\/wp-content\\\/uploads\\\/2022\\\/04\\\/10.-slajder_1920x800-copy-scaled.jpg\",\"datePublished\":\"2022-04-06T12:26:01+00:00\",\"dateModified\":\"2022-05-04T12:58:15+00:00\",\"breadcrumb\":{\"@id\":\"http:\\\/\\\/www.galerijamaticesrpske.rs\\\/lat\\\/events\\\/diskusija-pogledi-ka-migracijama\\\/#breadcrumb\"},\"inLanguage\":\"sr-LAT\",\"potentialAction\":[{\"@type\":\"ReadAction\",\"target\":[\"http:\\\/\\\/www.galerijamaticesrpske.rs\\\/lat\\\/events\\\/diskusija-pogledi-ka-migracijama\\\/\"]}]},{\"@type\":\"ImageObject\",\"inLanguage\":\"sr-LAT\",\"@id\":\"http:\\\/\\\/www.galerijamaticesrpske.rs\\\/lat\\\/events\\\/diskusija-pogledi-ka-migracijama\\\/#primaryimage\",\"url\":\"https:\\\/\\\/www.galerijamaticesrpske.rs\\\/wp-content\\\/uploads\\\/2022\\\/04\\\/10.-slajder_1920x800-copy-scaled.jpg\",\"contentUrl\":\"https:\\\/\\\/www.galerijamaticesrpske.rs\\\/wp-content\\\/uploads\\\/2022\\\/04\\\/10.-slajder_1920x800-copy-scaled.jpg\",\"width\":2560,\"height\":1067},{\"@type\":\"BreadcrumbList\",\"@id\":\"http:\\\/\\\/www.galerijamaticesrpske.rs\\\/lat\\\/events\\\/diskusija-pogledi-ka-migracijama\\\/#breadcrumb\",\"itemListElement\":[{\"@type\":\"ListItem\",\"position\":1,\"name\":\"\u041f\u043e\u0447\u0435\u0442\u043d\u0430\",\"item\":\"http:\\\/\\\/www.galerijamaticesrpske.rs\\\/lat\\\/\"},{\"@type\":\"ListItem\",\"position\":2,\"name\":\"Events\",\"item\":\"http:\\\/\\\/www.galerijamaticesrpske.rs\\\/lat\\\/events\\\/\"},{\"@type\":\"ListItem\",\"position\":3,\"name\":\"Diskusija &#8220;(Po)gledi ka migracijama&#8221;\"}]},{\"@type\":\"WebSite\",\"@id\":\"https:\\\/\\\/www.galerijamaticesrpske.rs\\\/#website\",\"url\":\"https:\\\/\\\/www.galerijamaticesrpske.rs\\\/\",\"name\":\"Galerija Matice srpske\",\"description\":\"Muzej srpske nacionalne umetnosti u Novom Sadu\",\"publisher\":{\"@id\":\"https:\\\/\\\/www.galerijamaticesrpske.rs\\\/#organization\"},\"potentialAction\":[{\"@type\":\"SearchAction\",\"target\":{\"@type\":\"EntryPoint\",\"urlTemplate\":\"https:\\\/\\\/www.galerijamaticesrpske.rs\\\/?s={search_term_string}\"},\"query-input\":{\"@type\":\"PropertyValueSpecification\",\"valueRequired\":true,\"valueName\":\"search_term_string\"}}],\"inLanguage\":\"sr-LAT\"},{\"@type\":\"Organization\",\"@id\":\"https:\\\/\\\/www.galerijamaticesrpske.rs\\\/#organization\",\"name\":\"Galerija Matice srpske\",\"url\":\"https:\\\/\\\/www.galerijamaticesrpske.rs\\\/\",\"logo\":{\"@type\":\"ImageObject\",\"inLanguage\":\"sr-LAT\",\"@id\":\"https:\\\/\\\/www.galerijamaticesrpske.rs\\\/#\\\/schema\\\/logo\\\/image\\\/\",\"url\":\"https:\\\/\\\/www.galerijamaticesrpske.rs\\\/wp-content\\\/uploads\\\/2021\\\/01\\\/gms-logo-za-sajt.svg\",\"contentUrl\":\"https:\\\/\\\/www.galerijamaticesrpske.rs\\\/wp-content\\\/uploads\\\/2021\\\/01\\\/gms-logo-za-sajt.svg\",\"width\":1,\"height\":1,\"caption\":\"Galerija Matice srpske\"},\"image\":{\"@id\":\"https:\\\/\\\/www.galerijamaticesrpske.rs\\\/#\\\/schema\\\/logo\\\/image\\\/\"}}]}<\/script>\n<!-- \/ Yoast SEO plugin. -->","yoast_head_json":{"title":"Diskusija \"(Po)gledi ka migracijama\" | Galerija Matice srpske","robots":{"index":"index","follow":"follow","max-snippet":"max-snippet:-1","max-image-preview":"max-image-preview:large","max-video-preview":"max-video-preview:-1"},"canonical":"http:\/\/www.galerijamaticesrpske.rs\/lat\/events\/diskusija-pogledi-ka-migracijama\/","og_locale":"en_US","og_type":"article","og_title":"Diskusija \"(Po)gledi ka migracijama\"","og_description":"Prate\u0107i program izlo\u017ebe Migracije u umetnosti &#8211; umetnost migracija Izlo\u017eba Migracije u umetnosti \u2013 umetnost migracija kreirala je prostor za razgovor o fenomenu migracija u kontekstu ne samo vizuelne umetnosti, ve\u0107 i drugih humanisti\u010dkih disciplina. Kroz diskusiju prof. dr Vladimira Gvozdena i prof. dr Alekseja Ki\u0161juhasa sa Filozofskog fakulteta u Novom Sadu, publika \u0107e imati","og_url":"http:\/\/www.galerijamaticesrpske.rs\/lat\/events\/diskusija-pogledi-ka-migracijama\/","og_site_name":"Galerija Matice srpske","article_modified_time":"2022-05-04T12:58:15+00:00","og_image":[{"width":2560,"height":1067,"url":"http:\/\/www.galerijamaticesrpske.rs\/wp-content\/uploads\/2022\/04\/10.-slajder_1920x800-copy-scaled.jpg","type":"image\/jpeg"}],"twitter_card":"summary_large_image","schema":{"@context":"https:\/\/schema.org","@graph":[{"@type":"WebPage","@id":"http:\/\/www.galerijamaticesrpske.rs\/lat\/events\/diskusija-pogledi-ka-migracijama\/","url":"http:\/\/www.galerijamaticesrpske.rs\/lat\/events\/diskusija-pogledi-ka-migracijama\/","name":"Diskusija \"(Po)gledi ka migracijama\" | Galerija Matice srpske","isPartOf":{"@id":"https:\/\/www.galerijamaticesrpske.rs\/#website"},"primaryImageOfPage":{"@id":"http:\/\/www.galerijamaticesrpske.rs\/lat\/events\/diskusija-pogledi-ka-migracijama\/#primaryimage"},"image":{"@id":"http:\/\/www.galerijamaticesrpske.rs\/lat\/events\/diskusija-pogledi-ka-migracijama\/#primaryimage"},"thumbnailUrl":"https:\/\/www.galerijamaticesrpske.rs\/wp-content\/uploads\/2022\/04\/10.-slajder_1920x800-copy-scaled.jpg","datePublished":"2022-04-06T12:26:01+00:00","dateModified":"2022-05-04T12:58:15+00:00","breadcrumb":{"@id":"http:\/\/www.galerijamaticesrpske.rs\/lat\/events\/diskusija-pogledi-ka-migracijama\/#breadcrumb"},"inLanguage":"sr-LAT","potentialAction":[{"@type":"ReadAction","target":["http:\/\/www.galerijamaticesrpske.rs\/lat\/events\/diskusija-pogledi-ka-migracijama\/"]}]},{"@type":"ImageObject","inLanguage":"sr-LAT","@id":"http:\/\/www.galerijamaticesrpske.rs\/lat\/events\/diskusija-pogledi-ka-migracijama\/#primaryimage","url":"https:\/\/www.galerijamaticesrpske.rs\/wp-content\/uploads\/2022\/04\/10.-slajder_1920x800-copy-scaled.jpg","contentUrl":"https:\/\/www.galerijamaticesrpske.rs\/wp-content\/uploads\/2022\/04\/10.-slajder_1920x800-copy-scaled.jpg","width":2560,"height":1067},{"@type":"BreadcrumbList","@id":"http:\/\/www.galerijamaticesrpske.rs\/lat\/events\/diskusija-pogledi-ka-migracijama\/#breadcrumb","itemListElement":[{"@type":"ListItem","position":1,"name":"\u041f\u043e\u0447\u0435\u0442\u043d\u0430","item":"http:\/\/www.galerijamaticesrpske.rs\/lat\/"},{"@type":"ListItem","position":2,"name":"Events","item":"http:\/\/www.galerijamaticesrpske.rs\/lat\/events\/"},{"@type":"ListItem","position":3,"name":"Diskusija &#8220;(Po)gledi ka migracijama&#8221;"}]},{"@type":"WebSite","@id":"https:\/\/www.galerijamaticesrpske.rs\/#website","url":"https:\/\/www.galerijamaticesrpske.rs\/","name":"Galerija Matice srpske","description":"Muzej srpske nacionalne umetnosti u Novom Sadu","publisher":{"@id":"https:\/\/www.galerijamaticesrpske.rs\/#organization"},"potentialAction":[{"@type":"SearchAction","target":{"@type":"EntryPoint","urlTemplate":"https:\/\/www.galerijamaticesrpske.rs\/?s={search_term_string}"},"query-input":{"@type":"PropertyValueSpecification","valueRequired":true,"valueName":"search_term_string"}}],"inLanguage":"sr-LAT"},{"@type":"Organization","@id":"https:\/\/www.galerijamaticesrpske.rs\/#organization","name":"Galerija Matice srpske","url":"https:\/\/www.galerijamaticesrpske.rs\/","logo":{"@type":"ImageObject","inLanguage":"sr-LAT","@id":"https:\/\/www.galerijamaticesrpske.rs\/#\/schema\/logo\/image\/","url":"https:\/\/www.galerijamaticesrpske.rs\/wp-content\/uploads\/2021\/01\/gms-logo-za-sajt.svg","contentUrl":"https:\/\/www.galerijamaticesrpske.rs\/wp-content\/uploads\/2021\/01\/gms-logo-za-sajt.svg","width":1,"height":1,"caption":"Galerija Matice srpske"},"image":{"@id":"https:\/\/www.galerijamaticesrpske.rs\/#\/schema\/logo\/image\/"}}]}},"_links":{"self":[{"href":"https:\/\/www.galerijamaticesrpske.rs\/lat\/wp-json\/wp\/v2\/mec-events\/7890","targetHints":{"allow":["GET"]}}],"collection":[{"href":"https:\/\/www.galerijamaticesrpske.rs\/lat\/wp-json\/wp\/v2\/mec-events"}],"about":[{"href":"https:\/\/www.galerijamaticesrpske.rs\/lat\/wp-json\/wp\/v2\/types\/mec-events"}],"author":[{"embeddable":true,"href":"https:\/\/www.galerijamaticesrpske.rs\/lat\/wp-json\/wp\/v2\/users\/2"}],"replies":[{"embeddable":true,"href":"https:\/\/www.galerijamaticesrpske.rs\/lat\/wp-json\/wp\/v2\/comments?post=7890"}],"wp:featuredmedia":[{"embeddable":true,"href":"https:\/\/www.galerijamaticesrpske.rs\/lat\/wp-json\/wp\/v2\/media\/7889"}],"wp:attachment":[{"href":"https:\/\/www.galerijamaticesrpske.rs\/lat\/wp-json\/wp\/v2\/media?parent=7890"}],"wp:term":[{"taxonomy":"post_tag","embeddable":true,"href":"https:\/\/www.galerijamaticesrpske.rs\/lat\/wp-json\/wp\/v2\/tags?post=7890"},{"taxonomy":"mec_category","embeddable":true,"href":"https:\/\/www.galerijamaticesrpske.rs\/lat\/wp-json\/wp\/v2\/mec_category?post=7890"}],"curies":[{"name":"wp","href":"https:\/\/api.w.org\/{rel}","templated":true}]}}

Prateći program izložbe <a href="https://www.galerijamaticesrpske.rs/lat/events/migracije-u-umetnosti-umetnost-migracija/"><em>M</em></a><em>igracije u umetnosti &#8211; umetnost migracija</em>





Izložba <em>Migracije u umetnosti – umetnost migracija</em> kreirala je prostor za razgovor o fenomenu migracija u kontekstu ne samo vizuelne umetnosti, već i drugih humanističkih disciplina. Kroz diskusiju prof. dr Vladimira Gvozdena i prof. dr Alekseja Kišjuhasa sa Filozofskog fakulteta u Novom Sadu, publika će imati priliku da sagleda migracije kroz prizmu književnosti, sociologije i kulture u širem smislu.

&nbsp;

<p>Prateći program izložbe Migracije u umetnosti &#8211; umetnost migracija Izložba Migracije u umetnosti – umetnost migracija kreirala je prostor za razgovor o fenomenu migracija u kontekstu ne samo vizuelne umetnosti, već i drugih humanističkih disciplina. Kroz diskusiju prof. dr Vladimira Gvozdena i prof. dr Alekseja Kišjuhasa sa Filozofskog fakulteta u Novom Sadu, publika će imati</p>

<!-- This site is optimized with the Yoast SEO plugin v27.3 - https://yoast.com/product/yoast-seo-wordpress/ -->
<title>Diskusija &quot;(Po)gledi ka migracijama&quot; | Galerija Matice srpske</title>
<meta name="robots" content="index, follow, max-snippet:-1, max-image-preview:large, max-video-preview:-1" />
<link rel="canonical" href="http://www.galerijamaticesrpske.rs/lat/events/diskusija-pogledi-ka-migracijama/" />
<meta property="og:locale" content="en_US" />
<meta property="og:type" content="article" />
<meta property="og:title" content="Diskusija &quot;(Po)gledi ka migracijama&quot;" />
<meta property="og:description" content="Prateći program izložbe Migracije u umetnosti &#8211; umetnost migracija Izložba Migracije u umetnosti – umetnost migracija kreirala je prostor za razgovor o fenomenu migracija u kontekstu ne samo vizuelne umetnosti, već i drugih humanističkih disciplina. Kroz diskusiju prof. dr Vladimira Gvozdena i prof. dr Alekseja Kišjuhasa sa Filozofskog fakulteta u Novom Sadu, publika će imati" />
<meta property="og:url" content="http://www.galerijamaticesrpske.rs/lat/events/diskusija-pogledi-ka-migracijama/" />
<meta property="og:site_name" content="Galerija Matice srpske" />
<meta property="article:modified_time" content="2022-05-04T12:58:15+00:00" />
<meta property="og:image" content="http://www.galerijamaticesrpske.rs/wp-content/uploads/2022/04/10.-slajder_1920x800-copy-scaled.jpg" />
	<meta property="og:image:width" content="2560" />
	<meta property="og:image:height" content="1067" />
	<meta property="og:image:type" content="image/jpeg" />
<meta name="twitter:card" content="summary_large_image" />
<script type="application/ld+json" class="yoast-schema-graph">{"@context":"https:\/\/schema.org","@graph":[{"@type":"WebPage","@id":"http:\/\/www.galerijamaticesrpske.rs\/lat\/events\/diskusija-pogledi-ka-migracijama\/","url":"http:\/\/www.galerijamaticesrpske.rs\/lat\/events\/diskusija-pogledi-ka-migracijama\/","name":"Diskusija \"(Po)gledi ka migracijama\" | Galerija Matice srpske","isPartOf":{"@id":"https:\/\/www.galerijamaticesrpske.rs\/#website"},"primaryImageOfPage":{"@id":"http:\/\/www.galerijamaticesrpske.rs\/lat\/events\/diskusija-pogledi-ka-migracijama\/#primaryimage"},"image":{"@id":"http:\/\/www.galerijamaticesrpske.rs\/lat\/events\/diskusija-pogledi-ka-migracijama\/#primaryimage"},"thumbnailUrl":"https:\/\/www.galerijamaticesrpske.rs\/wp-content\/uploads\/2022\/04\/10.-slajder_1920x800-copy-scaled.jpg","datePublished":"2022-04-06T12:26:01+00:00","dateModified":"2022-05-04T12:58:15+00:00","breadcrumb":{"@id":"http:\/\/www.galerijamaticesrpske.rs\/lat\/events\/diskusija-pogledi-ka-migracijama\/#breadcrumb"},"inLanguage":"sr-LAT","potentialAction":[{"@type":"ReadAction","target":["http:\/\/www.galerijamaticesrpske.rs\/lat\/events\/diskusija-pogledi-ka-migracijama\/"]}]},{"@type":"ImageObject","inLanguage":"sr-LAT","@id":"http:\/\/www.galerijamaticesrpske.rs\/lat\/events\/diskusija-pogledi-ka-migracijama\/#primaryimage","url":"https:\/\/www.galerijamaticesrpske.rs\/wp-content\/uploads\/2022\/04\/10.-slajder_1920x800-copy-scaled.jpg","contentUrl":"https:\/\/www.galerijamaticesrpske.rs\/wp-content\/uploads\/2022\/04\/10.-slajder_1920x800-copy-scaled.jpg","width":2560,"height":1067},{"@type":"BreadcrumbList","@id":"http:\/\/www.galerijamaticesrpske.rs\/lat\/events\/diskusija-pogledi-ka-migracijama\/#breadcrumb","itemListElement":[{"@type":"ListItem","position":1,"name":"Почетна","item":"http:\/\/www.galerijamaticesrpske.rs\/lat\/"},{"@type":"ListItem","position":2,"name":"Events","item":"http:\/\/www.galerijamaticesrpske.rs\/lat\/events\/"},{"@type":"ListItem","position":3,"name":"Diskusija &#8220;(Po)gledi ka migracijama&#8221;"}]},{"@type":"WebSite","@id":"https:\/\/www.galerijamaticesrpske.rs\/#website","url":"https:\/\/www.galerijamaticesrpske.rs\/","name":"Galerija Matice srpske","description":"Muzej srpske nacionalne umetnosti u Novom Sadu","publisher":{"@id":"https:\/\/www.galerijamaticesrpske.rs\/#organization"},"potentialAction":[{"@type":"SearchAction","target":{"@type":"EntryPoint","urlTemplate":"https:\/\/www.galerijamaticesrpske.rs\/?s={search_term_string}"},"query-input":{"@type":"PropertyValueSpecification","valueRequired":true,"valueName":"search_term_string"}}],"inLanguage":"sr-LAT"},{"@type":"Organization","@id":"https:\/\/www.galerijamaticesrpske.rs\/#organization","name":"Galerija Matice srpske","url":"https:\/\/www.galerijamaticesrpske.rs\/","logo":{"@type":"ImageObject","inLanguage":"sr-LAT","@id":"https:\/\/www.galerijamaticesrpske.rs\/#\/schema\/logo\/image\/","url":"https:\/\/www.galerijamaticesrpske.rs\/wp-content\/uploads\/2021\/01\/gms-logo-za-sajt.svg","contentUrl":"https:\/\/www.galerijamaticesrpske.rs\/wp-content\/uploads\/2021\/01\/gms-logo-za-sajt.svg","width":1,"height":1,"caption":"Galerija Matice srpske"},"image":{"@id":"https:\/\/www.galerijamaticesrpske.rs\/#\/schema\/logo\/image\/"}}]}</script>
<!-- / Yoast SEO plugin. -->

Prateći program izložbe Migracije u umetnosti &#8211; umetnost migracija Izložba Migracije u umetnosti – umetnost migracija kreirala je prostor za razgovor o fenomenu migracija u kontekstu ne samo vizuelne umetnosti, već i drugih humanističkih disciplina. Kroz diskusiju prof. dr Vladimira Gvozdena i prof. dr Alekseja Kišjuhasa sa Filozofskog fakulteta u Novom Sadu, publika će imati

Почетна
